{"id":289,"date":"2025-11-03T11:54:59","date_gmt":"2025-11-03T10:54:59","guid":{"rendered":"https:\/\/trad.hornstaging.no\/?post_type=referanse&#038;p=289"},"modified":"2026-01-19T11:27:55","modified_gmt":"2026-01-19T10:27:55","slug":"gronefed-cultural-center","status":"publish","type":"referanse","link":"https:\/\/tekraad.no\/en\/referanse\/gronefed-kulturtun\/","title":{"rendered":"Gr\u00f8nefed Cultural Center"},"content":{"rendered":"<p>Gr\u00f8nefed Kulturtun at Ogna in H\u00e5 Municipality carried out a major upgrade of the PA system and lighting at Ogna Scene, as the existing system was more than 20 years old.<\/p>\n\n\n\n<p>We contacted TR\u00c5D AS, who helped assess the technical needs, write the Kulturrom funding application and guide us through the process of selecting a supplier.<\/p>\n\n\n\n<p><em>\u201cTR\u00c5D AS has acted very professionally and efficiently throughout this process. We highly recommend TR\u00c5D AS for technical consulting.\u201d<\/em><\/p>\n\n\n\n<p><strong><em>\u2013 Hans Berge Stokkeland, General Manager<\/em><\/strong><\/p>","protected":false},"excerpt":{"rendered":"<p>Gr\u00f8nefed Kulturtun at Ogna upgraded its PA and lighting systems after 20 years. TR\u00c5D AS contributed with technical consulting, the Kulturrom funding application and supplier selection.<\/p>","protected":false},"featured_media":290,"template":"","format":"standard","tags":[17],"class_list":["post-289","referanse","type-referanse","status-publish","format-standard","has-post-thumbnail","hentry","tag-et-bilde"],"acf":[],"yoast_head":"<!-- This site is optimized with the Yoast SEO plugin v27.3 - https:\/\/yoast.com\/product\/yoast-seo-wordpress\/ -->\n<title>Oppgradering av PA- og lysanlegg p\u00e5 Ogna Scene<\/title>\n<meta name=\"description\" content=\"TR\u00c5D AS hjalp Gr\u00f8nefed kulturtun med behovsvurdering, Kulturrom-s\u00f8knad og leverand\u00f8rvalg ved oppgradering av lyd- og lysanlegg.\" \/>\n<meta name=\"robots\" content=\"index, follow, max-snippet:-1, max-image-preview:large, max-video-preview:-1\" \/>\n<link rel=\"canonical\" href=\"https:\/\/tekraad.no\/en\/reference\/gronefed-cultural-center\/\" \/>\n<meta property=\"og:locale\" content=\"en_GB\" \/>\n<meta property=\"og:type\" content=\"article\" \/>\n<meta property=\"og:title\" content=\"Oppgradering av PA- og lysanlegg p\u00e5 Ogna Scene\" \/>\n<meta property=\"og:description\" content=\"TR\u00c5D AS hjalp Gr\u00f8nefed kulturtun med behovsvurdering, Kulturrom-s\u00f8knad og leverand\u00f8rvalg ved oppgradering av lyd- og lysanlegg.\" \/>\n<meta property=\"og:url\" content=\"https:\/\/tekraad.no\/en\/reference\/gronefed-cultural-center\/\" \/>\n<meta property=\"og:site_name\" content=\"TR\u00c5D AS\" \/>\n<meta property=\"article:publisher\" content=\"https:\/\/www.facebook.com\/traadface\/?locale=nb_NO\" \/>\n<meta property=\"article:modified_time\" content=\"2026-01-19T10:27:55+00:00\" \/>\n<meta property=\"og:image\" content=\"https:\/\/tekraad.no\/wp-content\/uploads\/2025\/11\/Ogna-Scene-Traad_2.jpg\" \/>\n\t<meta property=\"og:image:width\" content=\"960\" \/>\n\t<meta property=\"og:image:height\" content=\"480\" \/>\n\t<meta property=\"og:image:type\" content=\"image\/jpeg\" \/>\n<meta name=\"twitter:card\" content=\"summary_large_image\" \/>\n<meta name=\"twitter:label1\" content=\"Estimated reading time\" \/>\n\t<meta name=\"twitter:data1\" content=\"1 minute\" \/>\n<script type=\"application\/ld+json\" class=\"yoast-schema-graph\">{\"@context\":\"https:\\\/\\\/schema.org\",\"@graph\":[{\"@type\":\"WebPage\",\"@id\":\"https:\\\/\\\/tekraad.no\\\/referanse\\\/gronefed-kulturtun\\\/\",\"url\":\"https:\\\/\\\/tekraad.no\\\/referanse\\\/gronefed-kulturtun\\\/\",\"name\":\"Oppgradering av PA- og lysanlegg p\u00e5 Ogna Scene\",\"isPartOf\":{\"@id\":\"https:\\\/\\\/tekraad.no\\\/#website\"},\"primaryImageOfPage\":{\"@id\":\"https:\\\/\\\/tekraad.no\\\/referanse\\\/gronefed-kulturtun\\\/#primaryimage\"},\"image\":{\"@id\":\"https:\\\/\\\/tekraad.no\\\/referanse\\\/gronefed-kulturtun\\\/#primaryimage\"},\"thumbnailUrl\":\"https:\\\/\\\/tekraad.no\\\/wp-content\\\/uploads\\\/2025\\\/11\\\/Ogna-Scene-Traad_2.jpg\",\"datePublished\":\"2025-11-03T10:54:59+00:00\",\"dateModified\":\"2026-01-19T10:27:55+00:00\",\"description\":\"TR\u00c5D AS hjalp Gr\u00f8nefed kulturtun med behovsvurdering, Kulturrom-s\u00f8knad og leverand\u00f8rvalg ved oppgradering av lyd- og lysanlegg.\",\"breadcrumb\":{\"@id\":\"https:\\\/\\\/tekraad.no\\\/referanse\\\/gronefed-kulturtun\\\/#breadcrumb\"},\"inLanguage\":\"en-GB\",\"potentialAction\":[{\"@type\":\"ReadAction\",\"target\":[\"https:\\\/\\\/tekraad.no\\\/referanse\\\/gronefed-kulturtun\\\/\"]}]},{\"@type\":\"ImageObject\",\"inLanguage\":\"en-GB\",\"@id\":\"https:\\\/\\\/tekraad.no\\\/referanse\\\/gronefed-kulturtun\\\/#primaryimage\",\"url\":\"https:\\\/\\\/tekraad.no\\\/wp-content\\\/uploads\\\/2025\\\/11\\\/Ogna-Scene-Traad_2.jpg\",\"contentUrl\":\"https:\\\/\\\/tekraad.no\\\/wp-content\\\/uploads\\\/2025\\\/11\\\/Ogna-Scene-Traad_2.jpg\",\"width\":960,\"height\":480,\"caption\":\"Et live-band spiller p\u00e5 en intim scene med navnet \\\"OGNA SCENE\\\" i lysskilt over scenen. Bandet best\u00e5r av en saksofonist, bassist, trommeslager og gitarist. Veggen bak er dekorert med LP-plater, og belysningen er varm med bl\u00e5 og r\u00f8de fargetoner.\"},{\"@type\":\"BreadcrumbList\",\"@id\":\"https:\\\/\\\/tekraad.no\\\/referanse\\\/gronefed-kulturtun\\\/#breadcrumb\",\"itemListElement\":[{\"@type\":\"ListItem\",\"position\":1,\"name\":\"Hjem\",\"item\":\"https:\\\/\\\/tekraad.no\\\/\"},{\"@type\":\"ListItem\",\"position\":2,\"name\":\"Referanser\",\"item\":\"https:\\\/\\\/tekraad.no\\\/referanser\\\/\"},{\"@type\":\"ListItem\",\"position\":3,\"name\":\"Gr\u00f8nefed kulturtun\"}]},{\"@type\":\"WebSite\",\"@id\":\"https:\\\/\\\/tekraad.no\\\/#website\",\"url\":\"https:\\\/\\\/tekraad.no\\\/\",\"name\":\"TR\u00c5D AS\",\"description\":\"Teknisk r\u00e5dgivning innen lyd, lys, bilde og scene\",\"publisher\":{\"@id\":\"https:\\\/\\\/tekraad.no\\\/#organization\"},\"alternateName\":\"TR\u00c5D AS\",\"potentialAction\":[{\"@type\":\"SearchAction\",\"target\":{\"@type\":\"EntryPoint\",\"urlTemplate\":\"https:\\\/\\\/tekraad.no\\\/?s={search_term_string}\"},\"query-input\":{\"@type\":\"PropertyValueSpecification\",\"valueRequired\":true,\"valueName\":\"search_term_string\"}}],\"inLanguage\":\"en-GB\"},{\"@type\":\"Organization\",\"@id\":\"https:\\\/\\\/tekraad.no\\\/#organization\",\"name\":\"TR\u00c5D AS\",\"alternateName\":\"TR\u00c5D AS\",\"url\":\"https:\\\/\\\/tekraad.no\\\/\",\"logo\":{\"@type\":\"ImageObject\",\"inLanguage\":\"en-GB\",\"@id\":\"https:\\\/\\\/tekraad.no\\\/#\\\/schema\\\/logo\\\/image\\\/\",\"url\":\"https:\\\/\\\/tekraad.no\\\/wp-content\\\/uploads\\\/2025\\\/10\\\/Logo-hvit-tekst-u-bakgrunn-e1763987293366.png\",\"contentUrl\":\"https:\\\/\\\/tekraad.no\\\/wp-content\\\/uploads\\\/2025\\\/10\\\/Logo-hvit-tekst-u-bakgrunn-e1763987293366.png\",\"width\":1450,\"height\":602,\"caption\":\"TR\u00c5D AS\"},\"image\":{\"@id\":\"https:\\\/\\\/tekraad.no\\\/#\\\/schema\\\/logo\\\/image\\\/\"},\"sameAs\":[\"https:\\\/\\\/www.facebook.com\\\/traadface\\\/?locale=nb_NO\",\"https:\\\/\\\/no.linkedin.com\\\/company\\\/tekraad\"]}]}<\/script>\n<!-- \/ Yoast SEO plugin. -->","yoast_head_json":{"title":"Case: Gr\u00f8nefed Kulturtun | TR\u00c5D AS","description":"TR\u00c5D AS assisted Ogna Scene with technical consulting, Kulturrom funding, and supplier selection for a major sound and lighting upgrade.","robots":{"index":"index","follow":"follow","max-snippet":"max-snippet:-1","max-image-preview":"max-image-preview:large","max-video-preview":"max-video-preview:-1"},"canonical":"https:\/\/tekraad.no\/en\/reference\/gronefed-cultural-center\/","og_locale":"en_GB","og_type":"article","og_title":"Oppgradering av PA- og lysanlegg p\u00e5 Ogna Scene","og_description":"TR\u00c5D AS hjalp Gr\u00f8nefed kulturtun med behovsvurdering, Kulturrom-s\u00f8knad og leverand\u00f8rvalg ved oppgradering av lyd- og lysanlegg.","og_url":"https:\/\/tekraad.no\/en\/reference\/gronefed-cultural-center\/","og_site_name":"TR\u00c5D AS","article_publisher":"https:\/\/www.facebook.com\/traadface\/?locale=nb_NO","article_modified_time":"2026-01-19T10:27:55+00:00","og_image":[{"width":960,"height":480,"url":"https:\/\/tekraad.no\/wp-content\/uploads\/2025\/11\/Ogna-Scene-Traad_2.jpg","type":"image\/jpeg"}],"twitter_card":"summary_large_image","twitter_misc":{"Estimated reading time":"1 minute"},"schema":{"@context":"https:\/\/schema.org","@graph":[{"@type":"WebPage","@id":"https:\/\/tekraad.no\/referanse\/gronefed-kulturtun\/","url":"https:\/\/tekraad.no\/referanse\/gronefed-kulturtun\/","name":"Case: Gr\u00f8nefed Kulturtun | TR\u00c5D AS","isPartOf":{"@id":"https:\/\/tekraad.no\/#website"},"primaryImageOfPage":{"@id":"https:\/\/tekraad.no\/referanse\/gronefed-kulturtun\/#primaryimage"},"image":{"@id":"https:\/\/tekraad.no\/referanse\/gronefed-kulturtun\/#primaryimage"},"thumbnailUrl":"https:\/\/tekraad.no\/wp-content\/uploads\/2025\/11\/Ogna-Scene-Traad_2.jpg","datePublished":"2025-11-03T10:54:59+00:00","dateModified":"2026-01-19T10:27:55+00:00","description":"TR\u00c5D AS assisted Ogna Scene with technical consulting, Kulturrom funding, and supplier selection for a major sound and lighting upgrade.","breadcrumb":{"@id":"https:\/\/tekraad.no\/referanse\/gronefed-kulturtun\/#breadcrumb"},"inLanguage":"en-GB","potentialAction":[{"@type":"ReadAction","target":["https:\/\/tekraad.no\/referanse\/gronefed-kulturtun\/"]}]},{"@type":"ImageObject","inLanguage":"en-GB","@id":"https:\/\/tekraad.no\/referanse\/gronefed-kulturtun\/#primaryimage","url":"https:\/\/tekraad.no\/wp-content\/uploads\/2025\/11\/Ogna-Scene-Traad_2.jpg","contentUrl":"https:\/\/tekraad.no\/wp-content\/uploads\/2025\/11\/Ogna-Scene-Traad_2.jpg","width":960,"height":480,"caption":"Et live-band spiller p\u00e5 en intim scene med navnet \"OGNA SCENE\" i lysskilt over scenen. Bandet best\u00e5r av en saksofonist, bassist, trommeslager og gitarist. Veggen bak er dekorert med LP-plater, og belysningen er varm med bl\u00e5 og r\u00f8de fargetoner."},{"@type":"BreadcrumbList","@id":"https:\/\/tekraad.no\/referanse\/gronefed-kulturtun\/#breadcrumb","itemListElement":[{"@type":"ListItem","position":1,"name":"Hjem","item":"https:\/\/tekraad.no\/"},{"@type":"ListItem","position":2,"name":"Referanser","item":"https:\/\/tekraad.no\/referanser\/"},{"@type":"ListItem","position":3,"name":"Gr\u00f8nefed kulturtun"}]},{"@type":"WebSite","@id":"https:\/\/tekraad.no\/#website","url":"https:\/\/tekraad.no\/","name":"TR\u00c5D AS","description":"Teknisk r\u00e5dgivning innen lyd, lys, bilde og scene","publisher":{"@id":"https:\/\/tekraad.no\/#organization"},"alternateName":"TR\u00c5D AS","potentialAction":[{"@type":"SearchAction","target":{"@type":"EntryPoint","urlTemplate":"https:\/\/tekraad.no\/?s={search_term_string}"},"query-input":{"@type":"PropertyValueSpecification","valueRequired":true,"valueName":"search_term_string"}}],"inLanguage":"en-GB"},{"@type":"Organization","@id":"https:\/\/tekraad.no\/#organization","name":"TR\u00c5D AS","alternateName":"TR\u00c5D AS","url":"https:\/\/tekraad.no\/","logo":{"@type":"ImageObject","inLanguage":"en-GB","@id":"https:\/\/tekraad.no\/#\/schema\/logo\/image\/","url":"https:\/\/tekraad.no\/wp-content\/uploads\/2025\/10\/Logo-hvit-tekst-u-bakgrunn-e1763987293366.png","contentUrl":"https:\/\/tekraad.no\/wp-content\/uploads\/2025\/10\/Logo-hvit-tekst-u-bakgrunn-e1763987293366.png","width":1450,"height":602,"caption":"TR\u00c5D AS"},"image":{"@id":"https:\/\/tekraad.no\/#\/schema\/logo\/image\/"},"sameAs":["https:\/\/www.facebook.com\/traadface\/?locale=nb_NO","https:\/\/no.linkedin.com\/company\/tekraad"]}]}},"_links":{"self":[{"href":"https:\/\/tekraad.no\/en\/wp-json\/wp\/v2\/referanse\/289","targetHints":{"allow":["GET"]}}],"collection":[{"href":"https:\/\/tekraad.no\/en\/wp-json\/wp\/v2\/referanse"}],"about":[{"href":"https:\/\/tekraad.no\/en\/wp-json\/wp\/v2\/types\/referanse"}],"wp:featuredmedia":[{"embeddable":true,"href":"https:\/\/tekraad.no\/en\/wp-json\/wp\/v2\/media\/290"}],"wp:attachment":[{"href":"https:\/\/tekraad.no\/en\/wp-json\/wp\/v2\/media?parent=289"}],"wp:term":[{"taxonomy":"post_tag","embeddable":true,"href":"https:\/\/tekraad.no\/en\/wp-json\/wp\/v2\/tags?post=289"}],"curies":[{"name":"wp","href":"https:\/\/api.w.org\/{rel}","templated":true}]}}

Grønefed Cultural Center

<p>Grønefed Kulturtun at Ogna in Hå Municipality carried out a major upgrade of the PA system and lighting at Ogna Scene, as the existing system was more than 20 years old.</p>



<p>We contacted TRÅD AS, who helped assess the technical needs, write the Kulturrom funding application and guide us through the process of selecting a supplier.</p>



<p><em>“TRÅD AS has acted very professionally and efficiently throughout this process. We highly recommend TRÅD AS for technical consulting.”</em></p>



<p><strong><em>– Hans Berge Stokkeland, General Manager</em></strong></p>

<p>Grønefed Kulturtun at Ogna upgraded its PA and lighting systems after 20 years. TRÅD AS contributed with technical consulting, the Kulturrom funding application and supplier selection.</p>

<!-- This site is optimized with the Yoast SEO plugin v27.3 - https://yoast.com/product/yoast-seo-wordpress/ -->
<title>Oppgradering av PA- og lysanlegg på Ogna Scene</title>
<meta name="description" content="TRÅD AS hjalp Grønefed kulturtun med behovsvurdering, Kulturrom-søknad og leverandørvalg ved oppgradering av lyd- og lysanlegg." />
<meta name="robots" content="index, follow, max-snippet:-1, max-image-preview:large, max-video-preview:-1" />
<link rel="canonical" href="https://tekraad.no/en/reference/gronefed-cultural-center/" />
<meta property="og:locale" content="en_GB" />
<meta property="og:type" content="article" />
<meta property="og:title" content="Oppgradering av PA- og lysanlegg på Ogna Scene" />
<meta property="og:description" content="TRÅD AS hjalp Grønefed kulturtun med behovsvurdering, Kulturrom-søknad og leverandørvalg ved oppgradering av lyd- og lysanlegg." />
<meta property="og:url" content="https://tekraad.no/en/reference/gronefed-cultural-center/" />
<meta property="og:site_name" content="TRÅD AS" />
<meta property="article:publisher" content="https://www.facebook.com/traadface/?locale=nb_NO" />
<meta property="article:modified_time" content="2026-01-19T10:27:55+00:00" />
<meta property="og:image" content="https://tekraad.no/wp-content/uploads/2025/11/Ogna-Scene-Traad_2.jpg" />
	<meta property="og:image:width" content="960" />
	<meta property="og:image:height" content="480" />
	<meta property="og:image:type" content="image/jpeg" />
<meta name="twitter:card" content="summary_large_image" />
<meta name="twitter:label1" content="Estimated reading time" />
	<meta name="twitter:data1" content="1 minute" />
<script type="application/ld+json" class="yoast-schema-graph">{"@context":"https:\/\/schema.org","@graph":[{"@type":"WebPage","@id":"https:\/\/tekraad.no\/referanse\/gronefed-kulturtun\/","url":"https:\/\/tekraad.no\/referanse\/gronefed-kulturtun\/","name":"Oppgradering av PA- og lysanlegg på Ogna Scene","isPartOf":{"@id":"https:\/\/tekraad.no\/#website"},"primaryImageOfPage":{"@id":"https:\/\/tekraad.no\/referanse\/gronefed-kulturtun\/#primaryimage"},"image":{"@id":"https:\/\/tekraad.no\/referanse\/gronefed-kulturtun\/#primaryimage"},"thumbnailUrl":"https:\/\/tekraad.no\/wp-content\/uploads\/2025\/11\/Ogna-Scene-Traad_2.jpg","datePublished":"2025-11-03T10:54:59+00:00","dateModified":"2026-01-19T10:27:55+00:00","description":"TRÅD AS hjalp Grønefed kulturtun med behovsvurdering, Kulturrom-søknad og leverandørvalg ved oppgradering av lyd- og lysanlegg.","breadcrumb":{"@id":"https:\/\/tekraad.no\/referanse\/gronefed-kulturtun\/#breadcrumb"},"inLanguage":"en-GB","potentialAction":[{"@type":"ReadAction","target":["https:\/\/tekraad.no\/referanse\/gronefed-kulturtun\/"]}]},{"@type":"ImageObject","inLanguage":"en-GB","@id":"https:\/\/tekraad.no\/referanse\/gronefed-kulturtun\/#primaryimage","url":"https:\/\/tekraad.no\/wp-content\/uploads\/2025\/11\/Ogna-Scene-Traad_2.jpg","contentUrl":"https:\/\/tekraad.no\/wp-content\/uploads\/2025\/11\/Ogna-Scene-Traad_2.jpg","width":960,"height":480,"caption":"Et live-band spiller på en intim scene med navnet \"OGNA SCENE\" i lysskilt over scenen. Bandet består av en saksofonist, bassist, trommeslager og gitarist. Veggen bak er dekorert med LP-plater, og belysningen er varm med blå og røde fargetoner."},{"@type":"BreadcrumbList","@id":"https:\/\/tekraad.no\/referanse\/gronefed-kulturtun\/#breadcrumb","itemListElement":[{"@type":"ListItem","position":1,"name":"Hjem","item":"https:\/\/tekraad.no\/"},{"@type":"ListItem","position":2,"name":"Referanser","item":"https:\/\/tekraad.no\/referanser\/"},{"@type":"ListItem","position":3,"name":"Grønefed kulturtun"}]},{"@type":"WebSite","@id":"https:\/\/tekraad.no\/#website","url":"https:\/\/tekraad.no\/","name":"TRÅD AS","description":"Teknisk rådgivning innen lyd, lys, bilde og scene","publisher":{"@id":"https:\/\/tekraad.no\/#organization"},"alternateName":"TRÅD AS","potentialAction":[{"@type":"SearchAction","target":{"@type":"EntryPoint","urlTemplate":"https:\/\/tekraad.no\/?s={search_term_string}"},"query-input":{"@type":"PropertyValueSpecification","valueRequired":true,"valueName":"search_term_string"}}],"inLanguage":"en-GB"},{"@type":"Organization","@id":"https:\/\/tekraad.no\/#organization","name":"TRÅD AS","alternateName":"TRÅD AS","url":"https:\/\/tekraad.no\/","logo":{"@type":"ImageObject","inLanguage":"en-GB","@id":"https:\/\/tekraad.no\/#\/schema\/logo\/image\/","url":"https:\/\/tekraad.no\/wp-content\/uploads\/2025\/10\/Logo-hvit-tekst-u-bakgrunn-e1763987293366.png","contentUrl":"https:\/\/tekraad.no\/wp-content\/uploads\/2025\/10\/Logo-hvit-tekst-u-bakgrunn-e1763987293366.png","width":1450,"height":602,"caption":"TRÅD AS"},"image":{"@id":"https:\/\/tekraad.no\/#\/schema\/logo\/image\/"},"sameAs":["https:\/\/www.facebook.com\/traadface\/?locale=nb_NO","https:\/\/no.linkedin.com\/company\/tekraad"]}]}</script>
<!-- / Yoast SEO plugin. -->

Case: Grønefed Kulturtun | TRÅD AS

TRÅD AS assisted Ogna Scene with technical consulting, Kulturrom funding, and supplier selection for a major sound and lighting upgrade.

Oppgradering av PA- og lysanlegg på Ogna Scene

TRÅD AS hjalp Grønefed kulturtun med behovsvurdering, Kulturrom-søknad og leverandørvalg ved oppgradering av lyd- og lysanlegg.

TRÅD AS

Et live-band spiller på en intim scene med navnet "OGNA SCENE" i lysskilt over scenen. Bandet består av en saksofonist, bassist, trommeslager og gitarist. Veggen bak er dekorert med LP-plater, og belysningen er varm med blå og røde fargetoner.

Grønefed kulturtun

Teknisk rådgivning innen lyd, lys, bilde og scene
