{"id":39,"date":"2025-10-31T13:51:45","date_gmt":"2025-10-31T12:51:45","guid":{"rendered":"https:\/\/trad.hornstaging.no\/?page_id=39"},"modified":"2026-01-26T10:58:50","modified_gmt":"2026-01-26T09:58:50","slug":"other-services","status":"publish","type":"page","link":"https:\/\/tekraad.no\/en\/tjenester\/andre-tjenester\/","title":{"rendered":"Other services"},"content":{"rendered":"<p>When needed, we work closely with our associated subcontractors and specialist environments within structural engineering, electrical engineering, architecture, acoustics, theatre-technical design and technical drafting. This enables us to deliver holistic solutions where stage technology and audiovisual disciplines are seamlessly integrated with building structure, electrical systems, acoustics and architecture.\u00a0<\/p>\n\n\n\n<div style=\"height:20px\" aria-hidden=\"true\" class=\"wp-block-spacer\"><\/div>\n\n\n<figure class=\"wp-block-post-featured-image\"><img fetchpriority=\"high\" decoding=\"async\" width=\"2048\" height=\"1536\" src=\"https:\/\/tekraad.no\/wp-content\/uploads\/2026\/01\/Andre-tjenester-scaled.jpg\" class=\"attachment-post-thumbnail size-post-thumbnail wp-post-image\" alt=\"To personer i gule refleksvester og vernehjelmer sett bakfra p\u00e5 en byggeplass. De observerer tekniske installasjoner i et stort, \u00e5pent rom med betongs\u00f8yler og st\u00e5lbjelker.\" style=\"object-fit:cover;\" srcset=\"https:\/\/tekraad.no\/wp-content\/uploads\/2026\/01\/Andre-tjenester-scaled.jpg 2048w, https:\/\/tekraad.no\/wp-content\/uploads\/2026\/01\/Andre-tjenester-300x225.jpg 300w, https:\/\/tekraad.no\/wp-content\/uploads\/2026\/01\/Andre-tjenester-1024x768.jpg 1024w, https:\/\/tekraad.no\/wp-content\/uploads\/2026\/01\/Andre-tjenester-768x576.jpg 768w, https:\/\/tekraad.no\/wp-content\/uploads\/2026\/01\/Andre-tjenester-1536x1152.jpg 1536w, https:\/\/tekraad.no\/wp-content\/uploads\/2026\/01\/Andre-tjenester-16x12.jpg 16w\" sizes=\"(max-width: 2048px) 100vw, 2048px\" \/><\/figure>","protected":false},"excerpt":{"rendered":"<p>We collaborate with specialist environments to deliver holistic, integrated solutions where stage technology, AV, construction, electrical systems and acoustics work seamlessly together.<\/p>","protected":false},"author":1,"featured_media":1142,"parent":19,"menu_order":0,"comment_status":"closed","ping_status":"closed","template":"","meta":{"_acf_changed":false,"footnotes":""},"mal-kategori":[8],"class_list":["post-39","page","type-page","status-publish","has-post-thumbnail","hentry","mal-kategori-tjenesteside"],"acf":[],"yoast_head":"<!-- This site is optimized with the Yoast SEO plugin v27.3 - https:\/\/yoast.com\/product\/yoast-seo-wordpress\/ -->\n<title>Helhetlige tekniske l\u00f8sninger med AV og sceneteknikk | TR\u00c5D AS<\/title>\n<meta name=\"description\" content=\"TR\u00c5D AS samarbeider med fagmilj\u00f8er for integrerte l\u00f8sninger innen bygg, AV, elektro og akustikk \u2013 skreddersydd for hvert prosjekt.\" \/>\n<meta name=\"robots\" content=\"index, follow, max-snippet:-1, max-image-preview:large, max-video-preview:-1\" \/>\n<link rel=\"canonical\" href=\"https:\/\/tekraad.no\/en\/services\/other-services\/\" \/>\n<meta property=\"og:locale\" content=\"en_GB\" \/>\n<meta property=\"og:type\" content=\"article\" \/>\n<meta property=\"og:title\" content=\"Helhetlige tekniske l\u00f8sninger med AV og sceneteknikk | TR\u00c5D AS\" \/>\n<meta property=\"og:description\" content=\"TR\u00c5D AS samarbeider med fagmilj\u00f8er for integrerte l\u00f8sninger innen bygg, AV, elektro og akustikk \u2013 skreddersydd for hvert prosjekt.\" \/>\n<meta property=\"og:url\" content=\"https:\/\/tekraad.no\/en\/services\/other-services\/\" \/>\n<meta property=\"og:site_name\" content=\"TR\u00c5D AS\" \/>\n<meta property=\"article:publisher\" content=\"https:\/\/www.facebook.com\/traadface\/?locale=nb_NO\" \/>\n<meta property=\"article:modified_time\" content=\"2026-01-26T09:58:50+00:00\" \/>\n<meta property=\"og:image\" content=\"https:\/\/tekraad.no\/wp-content\/uploads\/2026\/01\/Andre-tjenester-scaled.jpg\" \/>\n\t<meta property=\"og:image:width\" content=\"2048\" \/>\n\t<meta property=\"og:image:height\" content=\"1536\" \/>\n\t<meta property=\"og:image:type\" content=\"image\/jpeg\" \/>\n<meta name=\"twitter:card\" content=\"summary_large_image\" \/>\n<meta name=\"twitter:label1\" content=\"Estimated reading time\" \/>\n\t<meta name=\"twitter:data1\" content=\"1 minute\" \/>\n<script type=\"application\/ld+json\" class=\"yoast-schema-graph\">{\"@context\":\"https:\\\/\\\/schema.org\",\"@graph\":[{\"@type\":\"WebPage\",\"@id\":\"https:\\\/\\\/tekraad.no\\\/tjenester\\\/andre-tjenester\\\/\",\"url\":\"https:\\\/\\\/tekraad.no\\\/tjenester\\\/andre-tjenester\\\/\",\"name\":\"Helhetlige tekniske l\u00f8sninger med AV og sceneteknikk | TR\u00c5D AS\",\"isPartOf\":{\"@id\":\"https:\\\/\\\/tekraad.no\\\/#website\"},\"primaryImageOfPage\":{\"@id\":\"https:\\\/\\\/tekraad.no\\\/tjenester\\\/andre-tjenester\\\/#primaryimage\"},\"image\":{\"@id\":\"https:\\\/\\\/tekraad.no\\\/tjenester\\\/andre-tjenester\\\/#primaryimage\"},\"thumbnailUrl\":\"https:\\\/\\\/tekraad.no\\\/wp-content\\\/uploads\\\/2026\\\/01\\\/Andre-tjenester-scaled.jpg\",\"datePublished\":\"2025-10-31T12:51:45+00:00\",\"dateModified\":\"2026-01-26T09:58:50+00:00\",\"description\":\"TR\u00c5D AS samarbeider med fagmilj\u00f8er for integrerte l\u00f8sninger innen bygg, AV, elektro og akustikk \u2013 skreddersydd for hvert prosjekt.\",\"breadcrumb\":{\"@id\":\"https:\\\/\\\/tekraad.no\\\/tjenester\\\/andre-tjenester\\\/#breadcrumb\"},\"inLanguage\":\"en-GB\",\"potentialAction\":[{\"@type\":\"ReadAction\",\"target\":[\"https:\\\/\\\/tekraad.no\\\/tjenester\\\/andre-tjenester\\\/\"]}]},{\"@type\":\"ImageObject\",\"inLanguage\":\"en-GB\",\"@id\":\"https:\\\/\\\/tekraad.no\\\/tjenester\\\/andre-tjenester\\\/#primaryimage\",\"url\":\"https:\\\/\\\/tekraad.no\\\/wp-content\\\/uploads\\\/2026\\\/01\\\/Andre-tjenester-scaled.jpg\",\"contentUrl\":\"https:\\\/\\\/tekraad.no\\\/wp-content\\\/uploads\\\/2026\\\/01\\\/Andre-tjenester-scaled.jpg\",\"width\":2048,\"height\":1536,\"caption\":\"To personer i gule refleksvester og vernehjelmer sett bakfra p\u00e5 en byggeplass. De observerer tekniske installasjoner i et stort, \u00e5pent rom med betongs\u00f8yler og st\u00e5lbjelker.\"},{\"@type\":\"BreadcrumbList\",\"@id\":\"https:\\\/\\\/tekraad.no\\\/tjenester\\\/andre-tjenester\\\/#breadcrumb\",\"itemListElement\":[{\"@type\":\"ListItem\",\"position\":1,\"name\":\"Hjem\",\"item\":\"https:\\\/\\\/tekraad.no\\\/\"},{\"@type\":\"ListItem\",\"position\":2,\"name\":\"Tjenester\",\"item\":\"https:\\\/\\\/tekraad.no\\\/tjenester\\\/\"},{\"@type\":\"ListItem\",\"position\":3,\"name\":\"Andre tjenester\"}]},{\"@type\":\"WebSite\",\"@id\":\"https:\\\/\\\/tekraad.no\\\/#website\",\"url\":\"https:\\\/\\\/tekraad.no\\\/\",\"name\":\"TR\u00c5D AS\",\"description\":\"Teknisk r\u00e5dgivning innen lyd, lys, bilde og scene\",\"publisher\":{\"@id\":\"https:\\\/\\\/tekraad.no\\\/#organization\"},\"alternateName\":\"TR\u00c5D AS\",\"potentialAction\":[{\"@type\":\"SearchAction\",\"target\":{\"@type\":\"EntryPoint\",\"urlTemplate\":\"https:\\\/\\\/tekraad.no\\\/?s={search_term_string}\"},\"query-input\":{\"@type\":\"PropertyValueSpecification\",\"valueRequired\":true,\"valueName\":\"search_term_string\"}}],\"inLanguage\":\"en-GB\"},{\"@type\":\"Organization\",\"@id\":\"https:\\\/\\\/tekraad.no\\\/#organization\",\"name\":\"TR\u00c5D AS\",\"alternateName\":\"TR\u00c5D AS\",\"url\":\"https:\\\/\\\/tekraad.no\\\/\",\"logo\":{\"@type\":\"ImageObject\",\"inLanguage\":\"en-GB\",\"@id\":\"https:\\\/\\\/tekraad.no\\\/#\\\/schema\\\/logo\\\/image\\\/\",\"url\":\"https:\\\/\\\/tekraad.no\\\/wp-content\\\/uploads\\\/2025\\\/10\\\/Logo-hvit-tekst-u-bakgrunn-e1763987293366.png\",\"contentUrl\":\"https:\\\/\\\/tekraad.no\\\/wp-content\\\/uploads\\\/2025\\\/10\\\/Logo-hvit-tekst-u-bakgrunn-e1763987293366.png\",\"width\":1450,\"height\":602,\"caption\":\"TR\u00c5D AS\"},\"image\":{\"@id\":\"https:\\\/\\\/tekraad.no\\\/#\\\/schema\\\/logo\\\/image\\\/\"},\"sameAs\":[\"https:\\\/\\\/www.facebook.com\\\/traadface\\\/?locale=nb_NO\",\"https:\\\/\\\/no.linkedin.com\\\/company\\\/tekraad\"]}]}<\/script>\n<!-- \/ Yoast SEO plugin. -->","yoast_head_json":{"title":"Holistic Integrated Solutions | TR\u00c5D AS","description":"Integrated solutions for stage, AV, and acoustics. TR\u00c5D AS collaborates with specialists to ensure seamless technical and architectural integration.","robots":{"index":"index","follow":"follow","max-snippet":"max-snippet:-1","max-image-preview":"max-image-preview:large","max-video-preview":"max-video-preview:-1"},"canonical":"https:\/\/tekraad.no\/en\/services\/other-services\/","og_locale":"en_GB","og_type":"article","og_title":"Helhetlige tekniske l\u00f8sninger med AV og sceneteknikk | TR\u00c5D AS","og_description":"TR\u00c5D AS samarbeider med fagmilj\u00f8er for integrerte l\u00f8sninger innen bygg, AV, elektro og akustikk \u2013 skreddersydd for hvert prosjekt.","og_url":"https:\/\/tekraad.no\/en\/services\/other-services\/","og_site_name":"TR\u00c5D AS","article_publisher":"https:\/\/www.facebook.com\/traadface\/?locale=nb_NO","article_modified_time":"2026-01-26T09:58:50+00:00","og_image":[{"width":2048,"height":1536,"url":"https:\/\/tekraad.no\/wp-content\/uploads\/2026\/01\/Andre-tjenester-scaled.jpg","type":"image\/jpeg"}],"twitter_card":"summary_large_image","twitter_misc":{"Estimated reading time":"1 minute"},"schema":{"@context":"https:\/\/schema.org","@graph":[{"@type":"WebPage","@id":"https:\/\/tekraad.no\/tjenester\/andre-tjenester\/","url":"https:\/\/tekraad.no\/tjenester\/andre-tjenester\/","name":"Holistic Integrated Solutions | TR\u00c5D AS","isPartOf":{"@id":"https:\/\/tekraad.no\/#website"},"primaryImageOfPage":{"@id":"https:\/\/tekraad.no\/tjenester\/andre-tjenester\/#primaryimage"},"image":{"@id":"https:\/\/tekraad.no\/tjenester\/andre-tjenester\/#primaryimage"},"thumbnailUrl":"https:\/\/tekraad.no\/wp-content\/uploads\/2026\/01\/Andre-tjenester-scaled.jpg","datePublished":"2025-10-31T12:51:45+00:00","dateModified":"2026-01-26T09:58:50+00:00","description":"Integrated solutions for stage, AV, and acoustics. TR\u00c5D AS collaborates with specialists to ensure seamless technical and architectural integration.","breadcrumb":{"@id":"https:\/\/tekraad.no\/tjenester\/andre-tjenester\/#breadcrumb"},"inLanguage":"en-GB","potentialAction":[{"@type":"ReadAction","target":["https:\/\/tekraad.no\/tjenester\/andre-tjenester\/"]}]},{"@type":"ImageObject","inLanguage":"en-GB","@id":"https:\/\/tekraad.no\/tjenester\/andre-tjenester\/#primaryimage","url":"https:\/\/tekraad.no\/wp-content\/uploads\/2026\/01\/Andre-tjenester-scaled.jpg","contentUrl":"https:\/\/tekraad.no\/wp-content\/uploads\/2026\/01\/Andre-tjenester-scaled.jpg","width":2048,"height":1536,"caption":"To personer i gule refleksvester og vernehjelmer sett bakfra p\u00e5 en byggeplass. De observerer tekniske installasjoner i et stort, \u00e5pent rom med betongs\u00f8yler og st\u00e5lbjelker."},{"@type":"BreadcrumbList","@id":"https:\/\/tekraad.no\/tjenester\/andre-tjenester\/#breadcrumb","itemListElement":[{"@type":"ListItem","position":1,"name":"Hjem","item":"https:\/\/tekraad.no\/"},{"@type":"ListItem","position":2,"name":"Tjenester","item":"https:\/\/tekraad.no\/tjenester\/"},{"@type":"ListItem","position":3,"name":"Andre tjenester"}]},{"@type":"WebSite","@id":"https:\/\/tekraad.no\/#website","url":"https:\/\/tekraad.no\/","name":"TR\u00c5D AS","description":"Teknisk r\u00e5dgivning innen lyd, lys, bilde og scene","publisher":{"@id":"https:\/\/tekraad.no\/#organization"},"alternateName":"TR\u00c5D AS","potentialAction":[{"@type":"SearchAction","target":{"@type":"EntryPoint","urlTemplate":"https:\/\/tekraad.no\/?s={search_term_string}"},"query-input":{"@type":"PropertyValueSpecification","valueRequired":true,"valueName":"search_term_string"}}],"inLanguage":"en-GB"},{"@type":"Organization","@id":"https:\/\/tekraad.no\/#organization","name":"TR\u00c5D AS","alternateName":"TR\u00c5D AS","url":"https:\/\/tekraad.no\/","logo":{"@type":"ImageObject","inLanguage":"en-GB","@id":"https:\/\/tekraad.no\/#\/schema\/logo\/image\/","url":"https:\/\/tekraad.no\/wp-content\/uploads\/2025\/10\/Logo-hvit-tekst-u-bakgrunn-e1763987293366.png","contentUrl":"https:\/\/tekraad.no\/wp-content\/uploads\/2025\/10\/Logo-hvit-tekst-u-bakgrunn-e1763987293366.png","width":1450,"height":602,"caption":"TR\u00c5D AS"},"image":{"@id":"https:\/\/tekraad.no\/#\/schema\/logo\/image\/"},"sameAs":["https:\/\/www.facebook.com\/traadface\/?locale=nb_NO","https:\/\/no.linkedin.com\/company\/tekraad"]}]}},"_links":{"self":[{"href":"https:\/\/tekraad.no\/en\/wp-json\/wp\/v2\/pages\/39","targetHints":{"allow":["GET"]}}],"collection":[{"href":"https:\/\/tekraad.no\/en\/wp-json\/wp\/v2\/pages"}],"about":[{"href":"https:\/\/tekraad.no\/en\/wp-json\/wp\/v2\/types\/page"}],"author":[{"embeddable":true,"href":"https:\/\/tekraad.no\/en\/wp-json\/wp\/v2\/users\/1"}],"replies":[{"embeddable":true,"href":"https:\/\/tekraad.no\/en\/wp-json\/wp\/v2\/comments?post=39"}],"version-history":[{"count":5,"href":"https:\/\/tekraad.no\/en\/wp-json\/wp\/v2\/pages\/39\/revisions"}],"predecessor-version":[{"id":814,"href":"https:\/\/tekraad.no\/en\/wp-json\/wp\/v2\/pages\/39\/revisions\/814"}],"up":[{"embeddable":true,"href":"https:\/\/tekraad.no\/en\/wp-json\/wp\/v2\/pages\/19"}],"wp:featuredmedia":[{"embeddable":true,"href":"https:\/\/tekraad.no\/en\/wp-json\/wp\/v2\/media\/1142"}],"wp:attachment":[{"href":"https:\/\/tekraad.no\/en\/wp-json\/wp\/v2\/media?parent=39"}],"wp:term":[{"taxonomy":"mal-kategori","embeddable":true,"href":"https:\/\/tekraad.no\/en\/wp-json\/wp\/v2\/mal-kategori?post=39"}],"curies":[{"name":"wp","href":"https:\/\/api.w.org\/{rel}","templated":true}]}}

<p>When needed, we work closely with our associated subcontractors and specialist environments within structural engineering, electrical engineering, architecture, acoustics, theatre-technical design and technical drafting. This enables us to deliver holistic solutions where stage technology and audiovisual disciplines are seamlessly integrated with building structure, electrical systems, acoustics and architecture. </p>



<div style="height:20px" aria-hidden="true" class="wp-block-spacer"></div>


<figure class="wp-block-post-featured-image"><img fetchpriority="high" decoding="async" width="2048" height="1536" src="https://tekraad.no/wp-content/uploads/2026/01/Andre-tjenester-scaled.jpg" class="attachment-post-thumbnail size-post-thumbnail wp-post-image" alt="To personer i gule refleksvester og vernehjelmer sett bakfra på en byggeplass. De observerer tekniske installasjoner i et stort, åpent rom med betongsøyler og stålbjelker." style="object-fit:cover;" srcset="https://tekraad.no/wp-content/uploads/2026/01/Andre-tjenester-scaled.jpg 2048w, https://tekraad.no/wp-content/uploads/2026/01/Andre-tjenester-300x225.jpg 300w, https://tekraad.no/wp-content/uploads/2026/01/Andre-tjenester-1024x768.jpg 1024w, https://tekraad.no/wp-content/uploads/2026/01/Andre-tjenester-768x576.jpg 768w, https://tekraad.no/wp-content/uploads/2026/01/Andre-tjenester-1536x1152.jpg 1536w, https://tekraad.no/wp-content/uploads/2026/01/Andre-tjenester-16x12.jpg 16w" sizes="(max-width: 2048px) 100vw, 2048px" /></figure>

<!-- This site is optimized with the Yoast SEO plugin v27.3 - https://yoast.com/product/yoast-seo-wordpress/ -->
<title>Helhetlige tekniske løsninger med AV og sceneteknikk | TRÅD AS</title>
<meta name="description" content="TRÅD AS samarbeider med fagmiljøer for integrerte løsninger innen bygg, AV, elektro og akustikk – skreddersydd for hvert prosjekt." />
<meta name="robots" content="index, follow, max-snippet:-1, max-image-preview:large, max-video-preview:-1" />
<link rel="canonical" href="https://tekraad.no/en/services/other-services/" />
<meta property="og:locale" content="en_GB" />
<meta property="og:type" content="article" />
<meta property="og:title" content="Helhetlige tekniske løsninger med AV og sceneteknikk | TRÅD AS" />
<meta property="og:description" content="TRÅD AS samarbeider med fagmiljøer for integrerte løsninger innen bygg, AV, elektro og akustikk – skreddersydd for hvert prosjekt." />
<meta property="og:url" content="https://tekraad.no/en/services/other-services/" />
<meta property="og:site_name" content="TRÅD AS" />
<meta property="article:publisher" content="https://www.facebook.com/traadface/?locale=nb_NO" />
<meta property="article:modified_time" content="2026-01-26T09:58:50+00:00" />
<meta property="og:image" content="https://tekraad.no/wp-content/uploads/2026/01/Andre-tjenester-scaled.jpg" />
	<meta property="og:image:width" content="2048" />
	<meta property="og:image:height" content="1536" />
	<meta property="og:image:type" content="image/jpeg" />
<meta name="twitter:card" content="summary_large_image" />
<meta name="twitter:label1" content="Estimated reading time" />
	<meta name="twitter:data1" content="1 minute" />
<script type="application/ld+json" class="yoast-schema-graph">{"@context":"https:\/\/schema.org","@graph":[{"@type":"WebPage","@id":"https:\/\/tekraad.no\/tjenester\/andre-tjenester\/","url":"https:\/\/tekraad.no\/tjenester\/andre-tjenester\/","name":"Helhetlige tekniske løsninger med AV og sceneteknikk | TRÅD AS","isPartOf":{"@id":"https:\/\/tekraad.no\/#website"},"primaryImageOfPage":{"@id":"https:\/\/tekraad.no\/tjenester\/andre-tjenester\/#primaryimage"},"image":{"@id":"https:\/\/tekraad.no\/tjenester\/andre-tjenester\/#primaryimage"},"thumbnailUrl":"https:\/\/tekraad.no\/wp-content\/uploads\/2026\/01\/Andre-tjenester-scaled.jpg","datePublished":"2025-10-31T12:51:45+00:00","dateModified":"2026-01-26T09:58:50+00:00","description":"TRÅD AS samarbeider med fagmiljøer for integrerte løsninger innen bygg, AV, elektro og akustikk – skreddersydd for hvert prosjekt.","breadcrumb":{"@id":"https:\/\/tekraad.no\/tjenester\/andre-tjenester\/#breadcrumb"},"inLanguage":"en-GB","potentialAction":[{"@type":"ReadAction","target":["https:\/\/tekraad.no\/tjenester\/andre-tjenester\/"]}]},{"@type":"ImageObject","inLanguage":"en-GB","@id":"https:\/\/tekraad.no\/tjenester\/andre-tjenester\/#primaryimage","url":"https:\/\/tekraad.no\/wp-content\/uploads\/2026\/01\/Andre-tjenester-scaled.jpg","contentUrl":"https:\/\/tekraad.no\/wp-content\/uploads\/2026\/01\/Andre-tjenester-scaled.jpg","width":2048,"height":1536,"caption":"To personer i gule refleksvester og vernehjelmer sett bakfra på en byggeplass. De observerer tekniske installasjoner i et stort, åpent rom med betongsøyler og stålbjelker."},{"@type":"BreadcrumbList","@id":"https:\/\/tekraad.no\/tjenester\/andre-tjenester\/#breadcrumb","itemListElement":[{"@type":"ListItem","position":1,"name":"Hjem","item":"https:\/\/tekraad.no\/"},{"@type":"ListItem","position":2,"name":"Tjenester","item":"https:\/\/tekraad.no\/tjenester\/"},{"@type":"ListItem","position":3,"name":"Andre tjenester"}]},{"@type":"WebSite","@id":"https:\/\/tekraad.no\/#website","url":"https:\/\/tekraad.no\/","name":"TRÅD AS","description":"Teknisk rådgivning innen lyd, lys, bilde og scene","publisher":{"@id":"https:\/\/tekraad.no\/#organization"},"alternateName":"TRÅD AS","potentialAction":[{"@type":"SearchAction","target":{"@type":"EntryPoint","urlTemplate":"https:\/\/tekraad.no\/?s={search_term_string}"},"query-input":{"@type":"PropertyValueSpecification","valueRequired":true,"valueName":"search_term_string"}}],"inLanguage":"en-GB"},{"@type":"Organization","@id":"https:\/\/tekraad.no\/#organization","name":"TRÅD AS","alternateName":"TRÅD AS","url":"https:\/\/tekraad.no\/","logo":{"@type":"ImageObject","inLanguage":"en-GB","@id":"https:\/\/tekraad.no\/#\/schema\/logo\/image\/","url":"https:\/\/tekraad.no\/wp-content\/uploads\/2025\/10\/Logo-hvit-tekst-u-bakgrunn-e1763987293366.png","contentUrl":"https:\/\/tekraad.no\/wp-content\/uploads\/2025\/10\/Logo-hvit-tekst-u-bakgrunn-e1763987293366.png","width":1450,"height":602,"caption":"TRÅD AS"},"image":{"@id":"https:\/\/tekraad.no\/#\/schema\/logo\/image\/"},"sameAs":["https:\/\/www.facebook.com\/traadface\/?locale=nb_NO","https:\/\/no.linkedin.com\/company\/tekraad"]}]}</script>
<!-- / Yoast SEO plugin. -->

Holistic Integrated Solutions | TRÅD AS

Integrated solutions for stage, AV, and acoustics. TRÅD AS collaborates with specialists to ensure seamless technical and architectural integration.

Helhetlige tekniske løsninger med AV og sceneteknikk | TRÅD AS

TRÅD AS samarbeider med fagmiljøer for integrerte løsninger innen bygg, AV, elektro og akustikk – skreddersydd for hvert prosjekt.

TRÅD AS

To personer i gule refleksvester og vernehjelmer sett bakfra på en byggeplass. De observerer tekniske installasjoner i et stort, åpent rom med betongsøyler og stålbjelker.

Teknisk rådgivning innen lyd, lys, bilde og scene
