{"id":614,"date":"2025-11-03T14:32:19","date_gmt":"2025-11-03T13:32:19","guid":{"rendered":"https:\/\/trad.hornstaging.no\/?post_type=ansatte&#038;p=614"},"modified":"2025-12-18T10:38:42","modified_gmt":"2025-12-18T09:38:42","slug":"oyvind-wandsvik","status":"publish","type":"ansatte","link":"https:\/\/tekraad.no\/en\/ansatte\/oyvind-wandsvik\/","title":{"rendered":"\u00d8yvind Wandsvik"},"content":{"rendered":"<p><strong>Senior Advisor in Event Technology \u2013 Operations Manager&nbsp;<\/strong><\/p>\n\n\n\n<p>Specialist in solution design, technical drawing, and project planning within AV, audio, lighting, and stage technology. Has held leadership roles with key suppliers and developed complete solutions for hotels, conference venues, and cultural buildings nationwide. Combines solid technical expertise with user-focused experience, delivering functional, reliable systems with high technical precision.<\/p>","protected":false},"excerpt":{"rendered":"<p>Senior advisor and operations manager with experience in designing, drafting and engineering AV, lighting, sound and stage technology. Delivers precise, dependable solutions with high user value for cultural buildings.<\/p>","protected":false},"featured_media":615,"template":"","class_list":["post-614","ansatte","type-ansatte","status-publish","has-post-thumbnail","hentry"],"acf":[],"yoast_head":"<!-- This site is optimized with the Yoast SEO plugin v27.3 - https:\/\/yoast.com\/product\/yoast-seo-wordpress\/ -->\n<title>\u00d8yvind Wandsvik \u2013 Seniorr\u00e5dgiver scenemaskineri<\/title>\n<meta name=\"description\" content=\"\u00d8yvind Wandsvik har lang erfaring fra scenedrift og rigging, og er teknisk ekspert i europeisk standardisering innen scenemaskineri.\" \/>\n<meta name=\"robots\" content=\"noindex, follow\" \/>\n<meta property=\"og:locale\" content=\"en_GB\" \/>\n<meta property=\"og:type\" content=\"article\" \/>\n<meta property=\"og:title\" content=\"\u00d8yvind Wandsvik \u2013 Seniorr\u00e5dgiver scenemaskineri\" \/>\n<meta property=\"og:description\" content=\"\u00d8yvind Wandsvik har lang erfaring fra scenedrift og rigging, og er teknisk ekspert i europeisk standardisering innen scenemaskineri.\" \/>\n<meta property=\"og:url\" content=\"https:\/\/tekraad.no\/en\/employees\/oyvind-wandsvik\/\" \/>\n<meta property=\"og:site_name\" content=\"TR\u00c5D AS\" \/>\n<meta property=\"article:publisher\" content=\"https:\/\/www.facebook.com\/traadface\/?locale=nb_NO\" \/>\n<meta property=\"article:modified_time\" content=\"2025-12-18T09:38:42+00:00\" \/>\n<meta property=\"og:image\" content=\"https:\/\/tekraad.no\/wp-content\/uploads\/2025\/11\/DSC2715-scaled-1.jpg\" \/>\n\t<meta property=\"og:image:width\" content=\"2048\" \/>\n\t<meta property=\"og:image:height\" content=\"2535\" \/>\n\t<meta property=\"og:image:type\" content=\"image\/jpeg\" \/>\n<meta name=\"twitter:card\" content=\"summary_large_image\" \/>\n<meta name=\"twitter:label1\" content=\"Estimated reading time\" \/>\n\t<meta name=\"twitter:data1\" content=\"1 minute\" \/>\n<script type=\"application\/ld+json\" class=\"yoast-schema-graph\">{\"@context\":\"https:\\\/\\\/schema.org\",\"@graph\":[{\"@type\":\"WebPage\",\"@id\":\"https:\\\/\\\/tekraad.no\\\/ansatte\\\/oyvind-wandsvik\\\/\",\"url\":\"https:\\\/\\\/tekraad.no\\\/ansatte\\\/oyvind-wandsvik\\\/\",\"name\":\"\u00d8yvind Wandsvik \u2013 Seniorr\u00e5dgiver scenemaskineri\",\"isPartOf\":{\"@id\":\"https:\\\/\\\/tekraad.no\\\/#website\"},\"primaryImageOfPage\":{\"@id\":\"https:\\\/\\\/tekraad.no\\\/ansatte\\\/oyvind-wandsvik\\\/#primaryimage\"},\"image\":{\"@id\":\"https:\\\/\\\/tekraad.no\\\/ansatte\\\/oyvind-wandsvik\\\/#primaryimage\"},\"thumbnailUrl\":\"https:\\\/\\\/tekraad.no\\\/wp-content\\\/uploads\\\/2025\\\/11\\\/DSC2715-scaled-1.jpg\",\"datePublished\":\"2025-11-03T13:32:19+00:00\",\"dateModified\":\"2025-12-18T09:38:42+00:00\",\"description\":\"\u00d8yvind Wandsvik har lang erfaring fra scenedrift og rigging, og er teknisk ekspert i europeisk standardisering innen scenemaskineri.\",\"breadcrumb\":{\"@id\":\"https:\\\/\\\/tekraad.no\\\/ansatte\\\/oyvind-wandsvik\\\/#breadcrumb\"},\"inLanguage\":\"en-GB\",\"potentialAction\":[{\"@type\":\"ReadAction\",\"target\":[\"https:\\\/\\\/tekraad.no\\\/ansatte\\\/oyvind-wandsvik\\\/\"]}]},{\"@type\":\"ImageObject\",\"inLanguage\":\"en-GB\",\"@id\":\"https:\\\/\\\/tekraad.no\\\/ansatte\\\/oyvind-wandsvik\\\/#primaryimage\",\"url\":\"https:\\\/\\\/tekraad.no\\\/wp-content\\\/uploads\\\/2025\\\/11\\\/DSC2715-scaled-1.jpg\",\"contentUrl\":\"https:\\\/\\\/tekraad.no\\\/wp-content\\\/uploads\\\/2025\\\/11\\\/DSC2715-scaled-1.jpg\",\"width\":2048,\"height\":2535,\"caption\":\"Portrett av en mann med kort, gr\u00e5sprengt h\u00e5r og skjegg som ser direkte inn i kameraet med et vennlig uttrykk. Han sitter utend\u00f8rs foran gr\u00f8nne busker og b\u00e6rer en svart polo-skjorte med \\\"TR\u00c5D\\\"-logo.\"},{\"@type\":\"BreadcrumbList\",\"@id\":\"https:\\\/\\\/tekraad.no\\\/ansatte\\\/oyvind-wandsvik\\\/#breadcrumb\",\"itemListElement\":[{\"@type\":\"ListItem\",\"position\":1,\"name\":\"Hjem\",\"item\":\"https:\\\/\\\/tekraad.no\\\/\"},{\"@type\":\"ListItem\",\"position\":2,\"name\":\"\u00d8yvind Wandsvik\"}]},{\"@type\":\"WebSite\",\"@id\":\"https:\\\/\\\/tekraad.no\\\/#website\",\"url\":\"https:\\\/\\\/tekraad.no\\\/\",\"name\":\"TR\u00c5D AS\",\"description\":\"Teknisk r\u00e5dgivning innen lyd, lys, bilde og scene\",\"publisher\":{\"@id\":\"https:\\\/\\\/tekraad.no\\\/#organization\"},\"alternateName\":\"TR\u00c5D AS\",\"potentialAction\":[{\"@type\":\"SearchAction\",\"target\":{\"@type\":\"EntryPoint\",\"urlTemplate\":\"https:\\\/\\\/tekraad.no\\\/?s={search_term_string}\"},\"query-input\":{\"@type\":\"PropertyValueSpecification\",\"valueRequired\":true,\"valueName\":\"search_term_string\"}}],\"inLanguage\":\"en-GB\"},{\"@type\":\"Organization\",\"@id\":\"https:\\\/\\\/tekraad.no\\\/#organization\",\"name\":\"TR\u00c5D AS\",\"alternateName\":\"TR\u00c5D AS\",\"url\":\"https:\\\/\\\/tekraad.no\\\/\",\"logo\":{\"@type\":\"ImageObject\",\"inLanguage\":\"en-GB\",\"@id\":\"https:\\\/\\\/tekraad.no\\\/#\\\/schema\\\/logo\\\/image\\\/\",\"url\":\"https:\\\/\\\/tekraad.no\\\/wp-content\\\/uploads\\\/2025\\\/10\\\/Logo-hvit-tekst-u-bakgrunn-e1763987293366.png\",\"contentUrl\":\"https:\\\/\\\/tekraad.no\\\/wp-content\\\/uploads\\\/2025\\\/10\\\/Logo-hvit-tekst-u-bakgrunn-e1763987293366.png\",\"width\":1450,\"height\":602,\"caption\":\"TR\u00c5D AS\"},\"image\":{\"@id\":\"https:\\\/\\\/tekraad.no\\\/#\\\/schema\\\/logo\\\/image\\\/\"},\"sameAs\":[\"https:\\\/\\\/www.facebook.com\\\/traadface\\\/?locale=nb_NO\",\"https:\\\/\\\/no.linkedin.com\\\/company\\\/tekraad\"]}]}<\/script>\n<!-- \/ Yoast SEO plugin. -->","yoast_head_json":{"title":"\u00d8yvind Wandsvik \u2013 Seniorr\u00e5dgiver scenemaskineri","description":"\u00d8yvind Wandsvik har lang erfaring fra scenedrift og rigging, og er teknisk ekspert i europeisk standardisering innen scenemaskineri.","robots":{"index":"noindex","follow":"follow"},"og_locale":"en_GB","og_type":"article","og_title":"\u00d8yvind Wandsvik \u2013 Seniorr\u00e5dgiver scenemaskineri","og_description":"\u00d8yvind Wandsvik har lang erfaring fra scenedrift og rigging, og er teknisk ekspert i europeisk standardisering innen scenemaskineri.","og_url":"https:\/\/tekraad.no\/en\/employees\/oyvind-wandsvik\/","og_site_name":"TR\u00c5D AS","article_publisher":"https:\/\/www.facebook.com\/traadface\/?locale=nb_NO","article_modified_time":"2025-12-18T09:38:42+00:00","og_image":[{"width":2048,"height":2535,"url":"https:\/\/tekraad.no\/wp-content\/uploads\/2025\/11\/DSC2715-scaled-1.jpg","type":"image\/jpeg"}],"twitter_card":"summary_large_image","twitter_misc":{"Estimated reading time":"1 minute"},"schema":{"@context":"https:\/\/schema.org","@graph":[{"@type":"WebPage","@id":"https:\/\/tekraad.no\/ansatte\/oyvind-wandsvik\/","url":"https:\/\/tekraad.no\/ansatte\/oyvind-wandsvik\/","name":"\u00d8yvind Wandsvik \u2013 Seniorr\u00e5dgiver scenemaskineri","isPartOf":{"@id":"https:\/\/tekraad.no\/#website"},"primaryImageOfPage":{"@id":"https:\/\/tekraad.no\/ansatte\/oyvind-wandsvik\/#primaryimage"},"image":{"@id":"https:\/\/tekraad.no\/ansatte\/oyvind-wandsvik\/#primaryimage"},"thumbnailUrl":"https:\/\/tekraad.no\/wp-content\/uploads\/2025\/11\/DSC2715-scaled-1.jpg","datePublished":"2025-11-03T13:32:19+00:00","dateModified":"2025-12-18T09:38:42+00:00","description":"\u00d8yvind Wandsvik har lang erfaring fra scenedrift og rigging, og er teknisk ekspert i europeisk standardisering innen scenemaskineri.","breadcrumb":{"@id":"https:\/\/tekraad.no\/ansatte\/oyvind-wandsvik\/#breadcrumb"},"inLanguage":"en-GB","potentialAction":[{"@type":"ReadAction","target":["https:\/\/tekraad.no\/ansatte\/oyvind-wandsvik\/"]}]},{"@type":"ImageObject","inLanguage":"en-GB","@id":"https:\/\/tekraad.no\/ansatte\/oyvind-wandsvik\/#primaryimage","url":"https:\/\/tekraad.no\/wp-content\/uploads\/2025\/11\/DSC2715-scaled-1.jpg","contentUrl":"https:\/\/tekraad.no\/wp-content\/uploads\/2025\/11\/DSC2715-scaled-1.jpg","width":2048,"height":2535,"caption":"Portrett av en mann med kort, gr\u00e5sprengt h\u00e5r og skjegg som ser direkte inn i kameraet med et vennlig uttrykk. Han sitter utend\u00f8rs foran gr\u00f8nne busker og b\u00e6rer en svart polo-skjorte med \"TR\u00c5D\"-logo."},{"@type":"BreadcrumbList","@id":"https:\/\/tekraad.no\/ansatte\/oyvind-wandsvik\/#breadcrumb","itemListElement":[{"@type":"ListItem","position":1,"name":"Hjem","item":"https:\/\/tekraad.no\/"},{"@type":"ListItem","position":2,"name":"\u00d8yvind Wandsvik"}]},{"@type":"WebSite","@id":"https:\/\/tekraad.no\/#website","url":"https:\/\/tekraad.no\/","name":"TR\u00c5D AS","description":"Teknisk r\u00e5dgivning innen lyd, lys, bilde og scene","publisher":{"@id":"https:\/\/tekraad.no\/#organization"},"alternateName":"TR\u00c5D AS","potentialAction":[{"@type":"SearchAction","target":{"@type":"EntryPoint","urlTemplate":"https:\/\/tekraad.no\/?s={search_term_string}"},"query-input":{"@type":"PropertyValueSpecification","valueRequired":true,"valueName":"search_term_string"}}],"inLanguage":"en-GB"},{"@type":"Organization","@id":"https:\/\/tekraad.no\/#organization","name":"TR\u00c5D AS","alternateName":"TR\u00c5D AS","url":"https:\/\/tekraad.no\/","logo":{"@type":"ImageObject","inLanguage":"en-GB","@id":"https:\/\/tekraad.no\/#\/schema\/logo\/image\/","url":"https:\/\/tekraad.no\/wp-content\/uploads\/2025\/10\/Logo-hvit-tekst-u-bakgrunn-e1763987293366.png","contentUrl":"https:\/\/tekraad.no\/wp-content\/uploads\/2025\/10\/Logo-hvit-tekst-u-bakgrunn-e1763987293366.png","width":1450,"height":602,"caption":"TR\u00c5D AS"},"image":{"@id":"https:\/\/tekraad.no\/#\/schema\/logo\/image\/"},"sameAs":["https:\/\/www.facebook.com\/traadface\/?locale=nb_NO","https:\/\/no.linkedin.com\/company\/tekraad"]}]}},"_links":{"self":[{"href":"https:\/\/tekraad.no\/en\/wp-json\/wp\/v2\/ansatte\/614","targetHints":{"allow":["GET"]}}],"collection":[{"href":"https:\/\/tekraad.no\/en\/wp-json\/wp\/v2\/ansatte"}],"about":[{"href":"https:\/\/tekraad.no\/en\/wp-json\/wp\/v2\/types\/ansatte"}],"wp:featuredmedia":[{"embeddable":true,"href":"https:\/\/tekraad.no\/en\/wp-json\/wp\/v2\/media\/615"}],"wp:attachment":[{"href":"https:\/\/tekraad.no\/en\/wp-json\/wp\/v2\/media?parent=614"}],"curies":[{"name":"wp","href":"https:\/\/api.w.org\/{rel}","templated":true}]}}

Øyvind Wandsvik

<!-- This site is optimized with the Yoast SEO plugin v27.3 - https://yoast.com/product/yoast-seo-wordpress/ -->
<title>Øyvind Wandsvik – Seniorrådgiver scenemaskineri</title>
<meta name="description" content="Øyvind Wandsvik har lang erfaring fra scenedrift og rigging, og er teknisk ekspert i europeisk standardisering innen scenemaskineri." />
<meta name="robots" content="noindex, follow" />
<meta property="og:locale" content="en_GB" />
<meta property="og:type" content="article" />
<meta property="og:title" content="Øyvind Wandsvik – Seniorrådgiver scenemaskineri" />
<meta property="og:description" content="Øyvind Wandsvik har lang erfaring fra scenedrift og rigging, og er teknisk ekspert i europeisk standardisering innen scenemaskineri." />
<meta property="og:url" content="https://tekraad.no/en/employees/oyvind-wandsvik/" />
<meta property="og:site_name" content="TRÅD AS" />
<meta property="article:publisher" content="https://www.facebook.com/traadface/?locale=nb_NO" />
<meta property="article:modified_time" content="2025-12-18T09:38:42+00:00" />
<meta property="og:image" content="https://tekraad.no/wp-content/uploads/2025/11/DSC2715-scaled-1.jpg" />
	<meta property="og:image:width" content="2048" />
	<meta property="og:image:height" content="2535" />
	<meta property="og:image:type" content="image/jpeg" />
<meta name="twitter:card" content="summary_large_image" />
<meta name="twitter:label1" content="Estimated reading time" />
	<meta name="twitter:data1" content="1 minute" />
<script type="application/ld+json" class="yoast-schema-graph">{"@context":"https:\/\/schema.org","@graph":[{"@type":"WebPage","@id":"https:\/\/tekraad.no\/ansatte\/oyvind-wandsvik\/","url":"https:\/\/tekraad.no\/ansatte\/oyvind-wandsvik\/","name":"Øyvind Wandsvik – Seniorrådgiver scenemaskineri","isPartOf":{"@id":"https:\/\/tekraad.no\/#website"},"primaryImageOfPage":{"@id":"https:\/\/tekraad.no\/ansatte\/oyvind-wandsvik\/#primaryimage"},"image":{"@id":"https:\/\/tekraad.no\/ansatte\/oyvind-wandsvik\/#primaryimage"},"thumbnailUrl":"https:\/\/tekraad.no\/wp-content\/uploads\/2025\/11\/DSC2715-scaled-1.jpg","datePublished":"2025-11-03T13:32:19+00:00","dateModified":"2025-12-18T09:38:42+00:00","description":"Øyvind Wandsvik har lang erfaring fra scenedrift og rigging, og er teknisk ekspert i europeisk standardisering innen scenemaskineri.","breadcrumb":{"@id":"https:\/\/tekraad.no\/ansatte\/oyvind-wandsvik\/#breadcrumb"},"inLanguage":"en-GB","potentialAction":[{"@type":"ReadAction","target":["https:\/\/tekraad.no\/ansatte\/oyvind-wandsvik\/"]}]},{"@type":"ImageObject","inLanguage":"en-GB","@id":"https:\/\/tekraad.no\/ansatte\/oyvind-wandsvik\/#primaryimage","url":"https:\/\/tekraad.no\/wp-content\/uploads\/2025\/11\/DSC2715-scaled-1.jpg","contentUrl":"https:\/\/tekraad.no\/wp-content\/uploads\/2025\/11\/DSC2715-scaled-1.jpg","width":2048,"height":2535,"caption":"Portrett av en mann med kort, gråsprengt hår og skjegg som ser direkte inn i kameraet med et vennlig uttrykk. Han sitter utendørs foran grønne busker og bærer en svart polo-skjorte med \"TRÅD\"-logo."},{"@type":"BreadcrumbList","@id":"https:\/\/tekraad.no\/ansatte\/oyvind-wandsvik\/#breadcrumb","itemListElement":[{"@type":"ListItem","position":1,"name":"Hjem","item":"https:\/\/tekraad.no\/"},{"@type":"ListItem","position":2,"name":"Øyvind Wandsvik"}]},{"@type":"WebSite","@id":"https:\/\/tekraad.no\/#website","url":"https:\/\/tekraad.no\/","name":"TRÅD AS","description":"Teknisk rådgivning innen lyd, lys, bilde og scene","publisher":{"@id":"https:\/\/tekraad.no\/#organization"},"alternateName":"TRÅD AS","potentialAction":[{"@type":"SearchAction","target":{"@type":"EntryPoint","urlTemplate":"https:\/\/tekraad.no\/?s={search_term_string}"},"query-input":{"@type":"PropertyValueSpecification","valueRequired":true,"valueName":"search_term_string"}}],"inLanguage":"en-GB"},{"@type":"Organization","@id":"https:\/\/tekraad.no\/#organization","name":"TRÅD AS","alternateName":"TRÅD AS","url":"https:\/\/tekraad.no\/","logo":{"@type":"ImageObject","inLanguage":"en-GB","@id":"https:\/\/tekraad.no\/#\/schema\/logo\/image\/","url":"https:\/\/tekraad.no\/wp-content\/uploads\/2025\/10\/Logo-hvit-tekst-u-bakgrunn-e1763987293366.png","contentUrl":"https:\/\/tekraad.no\/wp-content\/uploads\/2025\/10\/Logo-hvit-tekst-u-bakgrunn-e1763987293366.png","width":1450,"height":602,"caption":"TRÅD AS"},"image":{"@id":"https:\/\/tekraad.no\/#\/schema\/logo\/image\/"},"sameAs":["https:\/\/www.facebook.com\/traadface\/?locale=nb_NO","https:\/\/no.linkedin.com\/company\/tekraad"]}]}</script>
<!-- / Yoast SEO plugin. -->

Øyvind Wandsvik – Seniorrådgiver scenemaskineri

Øyvind Wandsvik har lang erfaring fra scenedrift og rigging, og er teknisk ekspert i europeisk standardisering innen scenemaskineri.

TRÅD AS

Portrett av en mann med kort, gråsprengt hår og skjegg som ser direkte inn i kameraet med et vennlig uttrykk. Han sitter utendørs foran grønne busker og bærer en svart polo-skjorte med "TRÅD"-logo.

Teknisk rådgivning innen lyd, lys, bilde og scene
