{"id":611,"date":"2025-11-03T14:30:49","date_gmt":"2025-11-03T13:30:49","guid":{"rendered":"https:\/\/trad.hornstaging.no\/?post_type=ansatte&#038;p=611"},"modified":"2025-12-18T11:45:46","modified_gmt":"2025-12-18T10:45:46","slug":"kai-vidar","status":"publish","type":"ansatte","link":"https:\/\/tekraad.no\/en\/ansatte\/kai-vidar\/","title":{"rendered":"Kai Vidar Bech"},"content":{"rendered":"<p><strong>Senior Advisor \u2013 Stage Machinery&nbsp;<\/strong><\/p>\n\n\n\n<p>Extensive experience in stage operations, rigging, and mechanical installations in theatres and concert halls. Teaches production rigging, rigging safety, relevant standards and regulations, as well as inspection and maintenance of mechanical installations. Participates as a technical expert in European standardisation work (CEN TC 433). Combines hands-on experience from productions and stage installations with in-depth knowledge of safety, certification, standards, and regulations.<\/p>","protected":false},"excerpt":{"rendered":"<p>Experienced senior advisor and operations manager with strong expertise in the design, drafting, and engineering of stage machinery. Delivers precise, reliable, and functional solutions.<\/p>","protected":false},"featured_media":613,"template":"","class_list":["post-611","ansatte","type-ansatte","status-publish","has-post-thumbnail","hentry"],"acf":[],"yoast_head":"<!-- This site is optimized with the Yoast SEO plugin v27.3 - https:\/\/yoast.com\/product\/yoast-seo-wordpress\/ -->\n<title>Kai Vidar Bech \u2013 Seniorr\u00e5dgiver arrangementsteknologi<\/title>\n<meta name=\"description\" content=\"Kai Vidar Bech utvikler AV- og scenetekniske l\u00f8sninger for hotell, kulturbygg og konferanse \u2013 med teknisk presisjon og brukerfokus.\" \/>\n<meta name=\"robots\" content=\"noindex, follow\" \/>\n<meta property=\"og:locale\" content=\"en_GB\" \/>\n<meta property=\"og:type\" content=\"article\" \/>\n<meta property=\"og:title\" content=\"Kai Vidar Bech \u2013 Seniorr\u00e5dgiver arrangementsteknologi\" \/>\n<meta property=\"og:description\" content=\"Kai Vidar Bech utvikler AV- og scenetekniske l\u00f8sninger for hotell, kulturbygg og konferanse \u2013 med teknisk presisjon og brukerfokus.\" \/>\n<meta property=\"og:url\" content=\"https:\/\/tekraad.no\/en\/employees\/kai-vidar\/\" \/>\n<meta property=\"og:site_name\" content=\"TR\u00c5D AS\" \/>\n<meta property=\"article:publisher\" content=\"https:\/\/www.facebook.com\/traadface\/?locale=nb_NO\" \/>\n<meta property=\"article:modified_time\" content=\"2025-12-18T10:45:46+00:00\" \/>\n<meta property=\"og:image\" content=\"https:\/\/tekraad.no\/wp-content\/uploads\/2025\/11\/DSC2976-scaled-1.jpg\" \/>\n\t<meta property=\"og:image:width\" content=\"2048\" \/>\n\t<meta property=\"og:image:height\" content=\"2538\" \/>\n\t<meta property=\"og:image:type\" content=\"image\/jpeg\" \/>\n<meta name=\"twitter:card\" content=\"summary_large_image\" \/>\n<meta name=\"twitter:label1\" content=\"Estimated reading time\" \/>\n\t<meta name=\"twitter:data1\" content=\"1 minute\" \/>\n<script type=\"application\/ld+json\" class=\"yoast-schema-graph\">{\"@context\":\"https:\\\/\\\/schema.org\",\"@graph\":[{\"@type\":\"WebPage\",\"@id\":\"https:\\\/\\\/tekraad.no\\\/ansatte\\\/kai-vidar\\\/\",\"url\":\"https:\\\/\\\/tekraad.no\\\/ansatte\\\/kai-vidar\\\/\",\"name\":\"Kai Vidar Bech \u2013 Seniorr\u00e5dgiver arrangementsteknologi\",\"isPartOf\":{\"@id\":\"https:\\\/\\\/tekraad.no\\\/#website\"},\"primaryImageOfPage\":{\"@id\":\"https:\\\/\\\/tekraad.no\\\/ansatte\\\/kai-vidar\\\/#primaryimage\"},\"image\":{\"@id\":\"https:\\\/\\\/tekraad.no\\\/ansatte\\\/kai-vidar\\\/#primaryimage\"},\"thumbnailUrl\":\"https:\\\/\\\/tekraad.no\\\/wp-content\\\/uploads\\\/2025\\\/11\\\/DSC2976-scaled-1.jpg\",\"datePublished\":\"2025-11-03T13:30:49+00:00\",\"dateModified\":\"2025-12-18T10:45:46+00:00\",\"description\":\"Kai Vidar Bech utvikler AV- og scenetekniske l\u00f8sninger for hotell, kulturbygg og konferanse \u2013 med teknisk presisjon og brukerfokus.\",\"breadcrumb\":{\"@id\":\"https:\\\/\\\/tekraad.no\\\/ansatte\\\/kai-vidar\\\/#breadcrumb\"},\"inLanguage\":\"en-GB\",\"potentialAction\":[{\"@type\":\"ReadAction\",\"target\":[\"https:\\\/\\\/tekraad.no\\\/ansatte\\\/kai-vidar\\\/\"]}]},{\"@type\":\"ImageObject\",\"inLanguage\":\"en-GB\",\"@id\":\"https:\\\/\\\/tekraad.no\\\/ansatte\\\/kai-vidar\\\/#primaryimage\",\"url\":\"https:\\\/\\\/tekraad.no\\\/wp-content\\\/uploads\\\/2025\\\/11\\\/DSC2976-scaled-1.jpg\",\"contentUrl\":\"https:\\\/\\\/tekraad.no\\\/wp-content\\\/uploads\\\/2025\\\/11\\\/DSC2976-scaled-1.jpg\",\"width\":2048,\"height\":2538,\"caption\":\"Portrett av en smilende mann med lyst skjegg og en markant hanekam-frisyre. Han er if\u00f8rt en svart skjorte med en diskret logo og st\u00e5r foran en gr\u00e5 betongvegg.\"},{\"@type\":\"BreadcrumbList\",\"@id\":\"https:\\\/\\\/tekraad.no\\\/ansatte\\\/kai-vidar\\\/#breadcrumb\",\"itemListElement\":[{\"@type\":\"ListItem\",\"position\":1,\"name\":\"Hjem\",\"item\":\"https:\\\/\\\/tekraad.no\\\/\"},{\"@type\":\"ListItem\",\"position\":2,\"name\":\"Kai Vidar Bech\"}]},{\"@type\":\"WebSite\",\"@id\":\"https:\\\/\\\/tekraad.no\\\/#website\",\"url\":\"https:\\\/\\\/tekraad.no\\\/\",\"name\":\"TR\u00c5D AS\",\"description\":\"Teknisk r\u00e5dgivning innen lyd, lys, bilde og scene\",\"publisher\":{\"@id\":\"https:\\\/\\\/tekraad.no\\\/#organization\"},\"alternateName\":\"TR\u00c5D AS\",\"potentialAction\":[{\"@type\":\"SearchAction\",\"target\":{\"@type\":\"EntryPoint\",\"urlTemplate\":\"https:\\\/\\\/tekraad.no\\\/?s={search_term_string}\"},\"query-input\":{\"@type\":\"PropertyValueSpecification\",\"valueRequired\":true,\"valueName\":\"search_term_string\"}}],\"inLanguage\":\"en-GB\"},{\"@type\":\"Organization\",\"@id\":\"https:\\\/\\\/tekraad.no\\\/#organization\",\"name\":\"TR\u00c5D AS\",\"alternateName\":\"TR\u00c5D AS\",\"url\":\"https:\\\/\\\/tekraad.no\\\/\",\"logo\":{\"@type\":\"ImageObject\",\"inLanguage\":\"en-GB\",\"@id\":\"https:\\\/\\\/tekraad.no\\\/#\\\/schema\\\/logo\\\/image\\\/\",\"url\":\"https:\\\/\\\/tekraad.no\\\/wp-content\\\/uploads\\\/2025\\\/10\\\/Logo-hvit-tekst-u-bakgrunn-e1763987293366.png\",\"contentUrl\":\"https:\\\/\\\/tekraad.no\\\/wp-content\\\/uploads\\\/2025\\\/10\\\/Logo-hvit-tekst-u-bakgrunn-e1763987293366.png\",\"width\":1450,\"height\":602,\"caption\":\"TR\u00c5D AS\"},\"image\":{\"@id\":\"https:\\\/\\\/tekraad.no\\\/#\\\/schema\\\/logo\\\/image\\\/\"},\"sameAs\":[\"https:\\\/\\\/www.facebook.com\\\/traadface\\\/?locale=nb_NO\",\"https:\\\/\\\/no.linkedin.com\\\/company\\\/tekraad\"]}]}<\/script>\n<!-- \/ Yoast SEO plugin. -->","yoast_head_json":{"title":"Kai Vidar Bech \u2013 Seniorr\u00e5dgiver arrangementsteknologi","description":"Kai Vidar Bech utvikler AV- og scenetekniske l\u00f8sninger for hotell, kulturbygg og konferanse \u2013 med teknisk presisjon og brukerfokus.","robots":{"index":"noindex","follow":"follow"},"og_locale":"en_GB","og_type":"article","og_title":"Kai Vidar Bech \u2013 Seniorr\u00e5dgiver arrangementsteknologi","og_description":"Kai Vidar Bech utvikler AV- og scenetekniske l\u00f8sninger for hotell, kulturbygg og konferanse \u2013 med teknisk presisjon og brukerfokus.","og_url":"https:\/\/tekraad.no\/en\/employees\/kai-vidar\/","og_site_name":"TR\u00c5D AS","article_publisher":"https:\/\/www.facebook.com\/traadface\/?locale=nb_NO","article_modified_time":"2025-12-18T10:45:46+00:00","og_image":[{"width":2048,"height":2538,"url":"https:\/\/tekraad.no\/wp-content\/uploads\/2025\/11\/DSC2976-scaled-1.jpg","type":"image\/jpeg"}],"twitter_card":"summary_large_image","twitter_misc":{"Estimated reading time":"1 minute"},"schema":{"@context":"https:\/\/schema.org","@graph":[{"@type":"WebPage","@id":"https:\/\/tekraad.no\/ansatte\/kai-vidar\/","url":"https:\/\/tekraad.no\/ansatte\/kai-vidar\/","name":"Kai Vidar Bech \u2013 Seniorr\u00e5dgiver arrangementsteknologi","isPartOf":{"@id":"https:\/\/tekraad.no\/#website"},"primaryImageOfPage":{"@id":"https:\/\/tekraad.no\/ansatte\/kai-vidar\/#primaryimage"},"image":{"@id":"https:\/\/tekraad.no\/ansatte\/kai-vidar\/#primaryimage"},"thumbnailUrl":"https:\/\/tekraad.no\/wp-content\/uploads\/2025\/11\/DSC2976-scaled-1.jpg","datePublished":"2025-11-03T13:30:49+00:00","dateModified":"2025-12-18T10:45:46+00:00","description":"Kai Vidar Bech utvikler AV- og scenetekniske l\u00f8sninger for hotell, kulturbygg og konferanse \u2013 med teknisk presisjon og brukerfokus.","breadcrumb":{"@id":"https:\/\/tekraad.no\/ansatte\/kai-vidar\/#breadcrumb"},"inLanguage":"en-GB","potentialAction":[{"@type":"ReadAction","target":["https:\/\/tekraad.no\/ansatte\/kai-vidar\/"]}]},{"@type":"ImageObject","inLanguage":"en-GB","@id":"https:\/\/tekraad.no\/ansatte\/kai-vidar\/#primaryimage","url":"https:\/\/tekraad.no\/wp-content\/uploads\/2025\/11\/DSC2976-scaled-1.jpg","contentUrl":"https:\/\/tekraad.no\/wp-content\/uploads\/2025\/11\/DSC2976-scaled-1.jpg","width":2048,"height":2538,"caption":"Portrett av en smilende mann med lyst skjegg og en markant hanekam-frisyre. Han er if\u00f8rt en svart skjorte med en diskret logo og st\u00e5r foran en gr\u00e5 betongvegg."},{"@type":"BreadcrumbList","@id":"https:\/\/tekraad.no\/ansatte\/kai-vidar\/#breadcrumb","itemListElement":[{"@type":"ListItem","position":1,"name":"Hjem","item":"https:\/\/tekraad.no\/"},{"@type":"ListItem","position":2,"name":"Kai Vidar Bech"}]},{"@type":"WebSite","@id":"https:\/\/tekraad.no\/#website","url":"https:\/\/tekraad.no\/","name":"TR\u00c5D AS","description":"Teknisk r\u00e5dgivning innen lyd, lys, bilde og scene","publisher":{"@id":"https:\/\/tekraad.no\/#organization"},"alternateName":"TR\u00c5D AS","potentialAction":[{"@type":"SearchAction","target":{"@type":"EntryPoint","urlTemplate":"https:\/\/tekraad.no\/?s={search_term_string}"},"query-input":{"@type":"PropertyValueSpecification","valueRequired":true,"valueName":"search_term_string"}}],"inLanguage":"en-GB"},{"@type":"Organization","@id":"https:\/\/tekraad.no\/#organization","name":"TR\u00c5D AS","alternateName":"TR\u00c5D AS","url":"https:\/\/tekraad.no\/","logo":{"@type":"ImageObject","inLanguage":"en-GB","@id":"https:\/\/tekraad.no\/#\/schema\/logo\/image\/","url":"https:\/\/tekraad.no\/wp-content\/uploads\/2025\/10\/Logo-hvit-tekst-u-bakgrunn-e1763987293366.png","contentUrl":"https:\/\/tekraad.no\/wp-content\/uploads\/2025\/10\/Logo-hvit-tekst-u-bakgrunn-e1763987293366.png","width":1450,"height":602,"caption":"TR\u00c5D AS"},"image":{"@id":"https:\/\/tekraad.no\/#\/schema\/logo\/image\/"},"sameAs":["https:\/\/www.facebook.com\/traadface\/?locale=nb_NO","https:\/\/no.linkedin.com\/company\/tekraad"]}]}},"_links":{"self":[{"href":"https:\/\/tekraad.no\/en\/wp-json\/wp\/v2\/ansatte\/611","targetHints":{"allow":["GET"]}}],"collection":[{"href":"https:\/\/tekraad.no\/en\/wp-json\/wp\/v2\/ansatte"}],"about":[{"href":"https:\/\/tekraad.no\/en\/wp-json\/wp\/v2\/types\/ansatte"}],"wp:featuredmedia":[{"embeddable":true,"href":"https:\/\/tekraad.no\/en\/wp-json\/wp\/v2\/media\/613"}],"wp:attachment":[{"href":"https:\/\/tekraad.no\/en\/wp-json\/wp\/v2\/media?parent=611"}],"curies":[{"name":"wp","href":"https:\/\/api.w.org\/{rel}","templated":true}]}}

<!-- This site is optimized with the Yoast SEO plugin v27.3 - https://yoast.com/product/yoast-seo-wordpress/ -->
<title>Kai Vidar Bech – Seniorrådgiver arrangementsteknologi</title>
<meta name="description" content="Kai Vidar Bech utvikler AV- og scenetekniske løsninger for hotell, kulturbygg og konferanse – med teknisk presisjon og brukerfokus." />
<meta name="robots" content="noindex, follow" />
<meta property="og:locale" content="en_GB" />
<meta property="og:type" content="article" />
<meta property="og:title" content="Kai Vidar Bech – Seniorrådgiver arrangementsteknologi" />
<meta property="og:description" content="Kai Vidar Bech utvikler AV- og scenetekniske løsninger for hotell, kulturbygg og konferanse – med teknisk presisjon og brukerfokus." />
<meta property="og:url" content="https://tekraad.no/en/employees/kai-vidar/" />
<meta property="og:site_name" content="TRÅD AS" />
<meta property="article:publisher" content="https://www.facebook.com/traadface/?locale=nb_NO" />
<meta property="article:modified_time" content="2025-12-18T10:45:46+00:00" />
<meta property="og:image" content="https://tekraad.no/wp-content/uploads/2025/11/DSC2976-scaled-1.jpg" />
	<meta property="og:image:width" content="2048" />
	<meta property="og:image:height" content="2538" />
	<meta property="og:image:type" content="image/jpeg" />
<meta name="twitter:card" content="summary_large_image" />
<meta name="twitter:label1" content="Estimated reading time" />
	<meta name="twitter:data1" content="1 minute" />
<script type="application/ld+json" class="yoast-schema-graph">{"@context":"https:\/\/schema.org","@graph":[{"@type":"WebPage","@id":"https:\/\/tekraad.no\/ansatte\/kai-vidar\/","url":"https:\/\/tekraad.no\/ansatte\/kai-vidar\/","name":"Kai Vidar Bech – Seniorrådgiver arrangementsteknologi","isPartOf":{"@id":"https:\/\/tekraad.no\/#website"},"primaryImageOfPage":{"@id":"https:\/\/tekraad.no\/ansatte\/kai-vidar\/#primaryimage"},"image":{"@id":"https:\/\/tekraad.no\/ansatte\/kai-vidar\/#primaryimage"},"thumbnailUrl":"https:\/\/tekraad.no\/wp-content\/uploads\/2025\/11\/DSC2976-scaled-1.jpg","datePublished":"2025-11-03T13:30:49+00:00","dateModified":"2025-12-18T10:45:46+00:00","description":"Kai Vidar Bech utvikler AV- og scenetekniske løsninger for hotell, kulturbygg og konferanse – med teknisk presisjon og brukerfokus.","breadcrumb":{"@id":"https:\/\/tekraad.no\/ansatte\/kai-vidar\/#breadcrumb"},"inLanguage":"en-GB","potentialAction":[{"@type":"ReadAction","target":["https:\/\/tekraad.no\/ansatte\/kai-vidar\/"]}]},{"@type":"ImageObject","inLanguage":"en-GB","@id":"https:\/\/tekraad.no\/ansatte\/kai-vidar\/#primaryimage","url":"https:\/\/tekraad.no\/wp-content\/uploads\/2025\/11\/DSC2976-scaled-1.jpg","contentUrl":"https:\/\/tekraad.no\/wp-content\/uploads\/2025\/11\/DSC2976-scaled-1.jpg","width":2048,"height":2538,"caption":"Portrett av en smilende mann med lyst skjegg og en markant hanekam-frisyre. Han er iført en svart skjorte med en diskret logo og står foran en grå betongvegg."},{"@type":"BreadcrumbList","@id":"https:\/\/tekraad.no\/ansatte\/kai-vidar\/#breadcrumb","itemListElement":[{"@type":"ListItem","position":1,"name":"Hjem","item":"https:\/\/tekraad.no\/"},{"@type":"ListItem","position":2,"name":"Kai Vidar Bech"}]},{"@type":"WebSite","@id":"https:\/\/tekraad.no\/#website","url":"https:\/\/tekraad.no\/","name":"TRÅD AS","description":"Teknisk rådgivning innen lyd, lys, bilde og scene","publisher":{"@id":"https:\/\/tekraad.no\/#organization"},"alternateName":"TRÅD AS","potentialAction":[{"@type":"SearchAction","target":{"@type":"EntryPoint","urlTemplate":"https:\/\/tekraad.no\/?s={search_term_string}"},"query-input":{"@type":"PropertyValueSpecification","valueRequired":true,"valueName":"search_term_string"}}],"inLanguage":"en-GB"},{"@type":"Organization","@id":"https:\/\/tekraad.no\/#organization","name":"TRÅD AS","alternateName":"TRÅD AS","url":"https:\/\/tekraad.no\/","logo":{"@type":"ImageObject","inLanguage":"en-GB","@id":"https:\/\/tekraad.no\/#\/schema\/logo\/image\/","url":"https:\/\/tekraad.no\/wp-content\/uploads\/2025\/10\/Logo-hvit-tekst-u-bakgrunn-e1763987293366.png","contentUrl":"https:\/\/tekraad.no\/wp-content\/uploads\/2025\/10\/Logo-hvit-tekst-u-bakgrunn-e1763987293366.png","width":1450,"height":602,"caption":"TRÅD AS"},"image":{"@id":"https:\/\/tekraad.no\/#\/schema\/logo\/image\/"},"sameAs":["https:\/\/www.facebook.com\/traadface\/?locale=nb_NO","https:\/\/no.linkedin.com\/company\/tekraad"]}]}</script>
<!-- / Yoast SEO plugin. -->

Kai Vidar Bech – Seniorrådgiver arrangementsteknologi

Kai Vidar Bech utvikler AV- og scenetekniske løsninger for hotell, kulturbygg og konferanse – med teknisk presisjon og brukerfokus.

TRÅD AS

Portrett av en smilende mann med lyst skjegg og en markant hanekam-frisyre. Han er iført en svart skjorte med en diskret logo og står foran en grå betongvegg.

Teknisk rådgivning innen lyd, lys, bilde og scene
