{"id":608,"date":"2025-11-03T14:26:35","date_gmt":"2025-11-03T13:26:35","guid":{"rendered":"https:\/\/trad.hornstaging.no\/?post_type=ansatte&#038;p=608"},"modified":"2026-03-31T11:19:57","modified_gmt":"2026-03-31T09:19:57","slug":"dag-olaf-aastebol","status":"publish","type":"ansatte","link":"https:\/\/tekraad.no\/en\/ansatte\/dag-olaf-aastebol\/","title":{"rendered":"Dag Olaf Aasteb\u00f8l"},"content":{"rendered":"<p><strong>Senior Advisor \u2013 Theatre and Cultural Buildings | Managing Director<\/strong><\/p>\n\n\n\n<p>Founder of Tr\u00e5d AS and one of the country\u2019s most experienced advisors in sound, lighting, AV, and stage technology systems. Brings over three decades of technical and leadership experience from cultural centres, theatres, and major cultural projects. Has extensive background as a system designer, project manager, and sound engineer for both national and international productions. A CTS-certified advisor with deep understanding of integrated technical solutions and operational reliability in cultural buildings.<\/p>","protected":false},"excerpt":{"rendered":"<p>Experienced senior advisor and general manager with over 30 years in cultural buildings. Specialist in sound, lighting, AV and stage technology, with strong skills in design and project management.<\/p>","protected":false},"featured_media":609,"template":"","class_list":["post-608","ansatte","type-ansatte","status-publish","has-post-thumbnail","hentry"],"acf":[],"yoast_head":"<!-- This site is optimized with the Yoast SEO plugin v27.3 - https:\/\/yoast.com\/product\/yoast-seo-wordpress\/ -->\n<title>Dag Olaf Aasteb\u00f8l \u2013 Seniorr\u00e5dgiver og daglig leder<\/title>\n<meta name=\"description\" content=\"Dag Olaf Aasteb\u00f8l er grunnlegger av TR\u00c5D AS og en av Norges mest erfarne r\u00e5dgivere innen AV og sceneteknikk for teater- og kulturbygg.\" \/>\n<meta name=\"robots\" content=\"noindex, follow\" \/>\n<meta property=\"og:locale\" content=\"en_GB\" \/>\n<meta property=\"og:type\" content=\"article\" \/>\n<meta property=\"og:title\" content=\"Dag Olaf Aasteb\u00f8l \u2013 Seniorr\u00e5dgiver og daglig leder\" \/>\n<meta property=\"og:description\" content=\"Dag Olaf Aasteb\u00f8l er grunnlegger av TR\u00c5D AS og en av Norges mest erfarne r\u00e5dgivere innen AV og sceneteknikk for teater- og kulturbygg.\" \/>\n<meta property=\"og:url\" content=\"https:\/\/tekraad.no\/en\/employees\/dag-olaf-aastebol\/\" \/>\n<meta property=\"og:site_name\" content=\"TR\u00c5D AS\" \/>\n<meta property=\"article:publisher\" content=\"https:\/\/www.facebook.com\/traadface\/?locale=nb_NO\" \/>\n<meta property=\"article:modified_time\" content=\"2026-03-31T09:19:57+00:00\" \/>\n<meta property=\"og:image\" content=\"https:\/\/tekraad.no\/wp-content\/uploads\/2025\/11\/DSC2858-scaled-1-e1774948704822.jpg\" \/>\n\t<meta property=\"og:image:width\" content=\"1918\" \/>\n\t<meta property=\"og:image:height\" content=\"2290\" \/>\n\t<meta property=\"og:image:type\" content=\"image\/jpeg\" \/>\n<meta name=\"twitter:card\" content=\"summary_large_image\" \/>\n<meta name=\"twitter:label1\" content=\"Estimated reading time\" \/>\n\t<meta name=\"twitter:data1\" content=\"1 minute\" \/>\n<script type=\"application\/ld+json\" class=\"yoast-schema-graph\">{\"@context\":\"https:\\\/\\\/schema.org\",\"@graph\":[{\"@type\":\"WebPage\",\"@id\":\"https:\\\/\\\/tekraad.no\\\/ansatte\\\/dag-olaf-aastebol\\\/\",\"url\":\"https:\\\/\\\/tekraad.no\\\/ansatte\\\/dag-olaf-aastebol\\\/\",\"name\":\"Dag Olaf Aasteb\u00f8l \u2013 Seniorr\u00e5dgiver og daglig leder\",\"isPartOf\":{\"@id\":\"https:\\\/\\\/tekraad.no\\\/#website\"},\"primaryImageOfPage\":{\"@id\":\"https:\\\/\\\/tekraad.no\\\/ansatte\\\/dag-olaf-aastebol\\\/#primaryimage\"},\"image\":{\"@id\":\"https:\\\/\\\/tekraad.no\\\/ansatte\\\/dag-olaf-aastebol\\\/#primaryimage\"},\"thumbnailUrl\":\"https:\\\/\\\/tekraad.no\\\/wp-content\\\/uploads\\\/2025\\\/11\\\/DSC2858-scaled-1-e1774948704822.jpg\",\"datePublished\":\"2025-11-03T13:26:35+00:00\",\"dateModified\":\"2026-03-31T09:19:57+00:00\",\"description\":\"Dag Olaf Aasteb\u00f8l er grunnlegger av TR\u00c5D AS og en av Norges mest erfarne r\u00e5dgivere innen AV og sceneteknikk for teater- og kulturbygg.\",\"breadcrumb\":{\"@id\":\"https:\\\/\\\/tekraad.no\\\/ansatte\\\/dag-olaf-aastebol\\\/#breadcrumb\"},\"inLanguage\":\"en-GB\",\"potentialAction\":[{\"@type\":\"ReadAction\",\"target\":[\"https:\\\/\\\/tekraad.no\\\/ansatte\\\/dag-olaf-aastebol\\\/\"]}]},{\"@type\":\"ImageObject\",\"inLanguage\":\"en-GB\",\"@id\":\"https:\\\/\\\/tekraad.no\\\/ansatte\\\/dag-olaf-aastebol\\\/#primaryimage\",\"url\":\"https:\\\/\\\/tekraad.no\\\/wp-content\\\/uploads\\\/2025\\\/11\\\/DSC2858-scaled-1-e1774948704822.jpg\",\"contentUrl\":\"https:\\\/\\\/tekraad.no\\\/wp-content\\\/uploads\\\/2025\\\/11\\\/DSC2858-scaled-1-e1774948704822.jpg\",\"width\":1918,\"height\":2290,\"caption\":\"En mann med briller og kort h\u00e5r sitter p\u00e5 en tretrapp foran en hvit murbygning merket \\\"BRYNE M\u00d8LLE\\\". Han smiler til kameraet, har armene hvilende p\u00e5 kn\u00e6rne og b\u00e6rer en svart polo-skjorte og en smartklokke.\"},{\"@type\":\"BreadcrumbList\",\"@id\":\"https:\\\/\\\/tekraad.no\\\/ansatte\\\/dag-olaf-aastebol\\\/#breadcrumb\",\"itemListElement\":[{\"@type\":\"ListItem\",\"position\":1,\"name\":\"Hjem\",\"item\":\"https:\\\/\\\/tekraad.no\\\/\"},{\"@type\":\"ListItem\",\"position\":2,\"name\":\"Dag Olaf Aasteb\u00f8l\"}]},{\"@type\":\"WebSite\",\"@id\":\"https:\\\/\\\/tekraad.no\\\/#website\",\"url\":\"https:\\\/\\\/tekraad.no\\\/\",\"name\":\"TR\u00c5D AS\",\"description\":\"Teknisk r\u00e5dgivning innen lyd, lys, bilde og scene\",\"publisher\":{\"@id\":\"https:\\\/\\\/tekraad.no\\\/#organization\"},\"alternateName\":\"TR\u00c5D AS\",\"potentialAction\":[{\"@type\":\"SearchAction\",\"target\":{\"@type\":\"EntryPoint\",\"urlTemplate\":\"https:\\\/\\\/tekraad.no\\\/?s={search_term_string}\"},\"query-input\":{\"@type\":\"PropertyValueSpecification\",\"valueRequired\":true,\"valueName\":\"search_term_string\"}}],\"inLanguage\":\"en-GB\"},{\"@type\":\"Organization\",\"@id\":\"https:\\\/\\\/tekraad.no\\\/#organization\",\"name\":\"TR\u00c5D AS\",\"alternateName\":\"TR\u00c5D AS\",\"url\":\"https:\\\/\\\/tekraad.no\\\/\",\"logo\":{\"@type\":\"ImageObject\",\"inLanguage\":\"en-GB\",\"@id\":\"https:\\\/\\\/tekraad.no\\\/#\\\/schema\\\/logo\\\/image\\\/\",\"url\":\"https:\\\/\\\/tekraad.no\\\/wp-content\\\/uploads\\\/2025\\\/10\\\/Logo-hvit-tekst-u-bakgrunn-e1763987293366.png\",\"contentUrl\":\"https:\\\/\\\/tekraad.no\\\/wp-content\\\/uploads\\\/2025\\\/10\\\/Logo-hvit-tekst-u-bakgrunn-e1763987293366.png\",\"width\":1450,\"height\":602,\"caption\":\"TR\u00c5D AS\"},\"image\":{\"@id\":\"https:\\\/\\\/tekraad.no\\\/#\\\/schema\\\/logo\\\/image\\\/\"},\"sameAs\":[\"https:\\\/\\\/www.facebook.com\\\/traadface\\\/?locale=nb_NO\",\"https:\\\/\\\/no.linkedin.com\\\/company\\\/tekraad\"]}]}<\/script>\n<!-- \/ Yoast SEO plugin. -->","yoast_head_json":{"title":"Dag Olaf Aasteb\u00f8l \u2013 Seniorr\u00e5dgiver og daglig leder","description":"Dag Olaf Aasteb\u00f8l er grunnlegger av TR\u00c5D AS og en av Norges mest erfarne r\u00e5dgivere innen AV og sceneteknikk for teater- og kulturbygg.","robots":{"index":"noindex","follow":"follow"},"og_locale":"en_GB","og_type":"article","og_title":"Dag Olaf Aasteb\u00f8l \u2013 Seniorr\u00e5dgiver og daglig leder","og_description":"Dag Olaf Aasteb\u00f8l er grunnlegger av TR\u00c5D AS og en av Norges mest erfarne r\u00e5dgivere innen AV og sceneteknikk for teater- og kulturbygg.","og_url":"https:\/\/tekraad.no\/en\/employees\/dag-olaf-aastebol\/","og_site_name":"TR\u00c5D AS","article_publisher":"https:\/\/www.facebook.com\/traadface\/?locale=nb_NO","article_modified_time":"2026-03-31T09:19:57+00:00","og_image":[{"width":1918,"height":2290,"url":"https:\/\/tekraad.no\/wp-content\/uploads\/2025\/11\/DSC2858-scaled-1-e1774948704822.jpg","type":"image\/jpeg"}],"twitter_card":"summary_large_image","twitter_misc":{"Estimated reading time":"1 minute"},"schema":{"@context":"https:\/\/schema.org","@graph":[{"@type":"WebPage","@id":"https:\/\/tekraad.no\/ansatte\/dag-olaf-aastebol\/","url":"https:\/\/tekraad.no\/ansatte\/dag-olaf-aastebol\/","name":"Dag Olaf Aasteb\u00f8l \u2013 Seniorr\u00e5dgiver og daglig leder","isPartOf":{"@id":"https:\/\/tekraad.no\/#website"},"primaryImageOfPage":{"@id":"https:\/\/tekraad.no\/ansatte\/dag-olaf-aastebol\/#primaryimage"},"image":{"@id":"https:\/\/tekraad.no\/ansatte\/dag-olaf-aastebol\/#primaryimage"},"thumbnailUrl":"https:\/\/tekraad.no\/wp-content\/uploads\/2025\/11\/DSC2858-scaled-1-e1774948704822.jpg","datePublished":"2025-11-03T13:26:35+00:00","dateModified":"2026-03-31T09:19:57+00:00","description":"Dag Olaf Aasteb\u00f8l er grunnlegger av TR\u00c5D AS og en av Norges mest erfarne r\u00e5dgivere innen AV og sceneteknikk for teater- og kulturbygg.","breadcrumb":{"@id":"https:\/\/tekraad.no\/ansatte\/dag-olaf-aastebol\/#breadcrumb"},"inLanguage":"en-GB","potentialAction":[{"@type":"ReadAction","target":["https:\/\/tekraad.no\/ansatte\/dag-olaf-aastebol\/"]}]},{"@type":"ImageObject","inLanguage":"en-GB","@id":"https:\/\/tekraad.no\/ansatte\/dag-olaf-aastebol\/#primaryimage","url":"https:\/\/tekraad.no\/wp-content\/uploads\/2025\/11\/DSC2858-scaled-1-e1774948704822.jpg","contentUrl":"https:\/\/tekraad.no\/wp-content\/uploads\/2025\/11\/DSC2858-scaled-1-e1774948704822.jpg","width":1918,"height":2290,"caption":"En mann med briller og kort h\u00e5r sitter p\u00e5 en tretrapp foran en hvit murbygning merket \"BRYNE M\u00d8LLE\". Han smiler til kameraet, har armene hvilende p\u00e5 kn\u00e6rne og b\u00e6rer en svart polo-skjorte og en smartklokke."},{"@type":"BreadcrumbList","@id":"https:\/\/tekraad.no\/ansatte\/dag-olaf-aastebol\/#breadcrumb","itemListElement":[{"@type":"ListItem","position":1,"name":"Hjem","item":"https:\/\/tekraad.no\/"},{"@type":"ListItem","position":2,"name":"Dag Olaf Aasteb\u00f8l"}]},{"@type":"WebSite","@id":"https:\/\/tekraad.no\/#website","url":"https:\/\/tekraad.no\/","name":"TR\u00c5D AS","description":"Teknisk r\u00e5dgivning innen lyd, lys, bilde og scene","publisher":{"@id":"https:\/\/tekraad.no\/#organization"},"alternateName":"TR\u00c5D AS","potentialAction":[{"@type":"SearchAction","target":{"@type":"EntryPoint","urlTemplate":"https:\/\/tekraad.no\/?s={search_term_string}"},"query-input":{"@type":"PropertyValueSpecification","valueRequired":true,"valueName":"search_term_string"}}],"inLanguage":"en-GB"},{"@type":"Organization","@id":"https:\/\/tekraad.no\/#organization","name":"TR\u00c5D AS","alternateName":"TR\u00c5D AS","url":"https:\/\/tekraad.no\/","logo":{"@type":"ImageObject","inLanguage":"en-GB","@id":"https:\/\/tekraad.no\/#\/schema\/logo\/image\/","url":"https:\/\/tekraad.no\/wp-content\/uploads\/2025\/10\/Logo-hvit-tekst-u-bakgrunn-e1763987293366.png","contentUrl":"https:\/\/tekraad.no\/wp-content\/uploads\/2025\/10\/Logo-hvit-tekst-u-bakgrunn-e1763987293366.png","width":1450,"height":602,"caption":"TR\u00c5D AS"},"image":{"@id":"https:\/\/tekraad.no\/#\/schema\/logo\/image\/"},"sameAs":["https:\/\/www.facebook.com\/traadface\/?locale=nb_NO","https:\/\/no.linkedin.com\/company\/tekraad"]}]}},"_links":{"self":[{"href":"https:\/\/tekraad.no\/en\/wp-json\/wp\/v2\/ansatte\/608","targetHints":{"allow":["GET"]}}],"collection":[{"href":"https:\/\/tekraad.no\/en\/wp-json\/wp\/v2\/ansatte"}],"about":[{"href":"https:\/\/tekraad.no\/en\/wp-json\/wp\/v2\/types\/ansatte"}],"wp:featuredmedia":[{"embeddable":true,"href":"https:\/\/tekraad.no\/en\/wp-json\/wp\/v2\/media\/609"}],"wp:attachment":[{"href":"https:\/\/tekraad.no\/en\/wp-json\/wp\/v2\/media?parent=608"}],"curies":[{"name":"wp","href":"https:\/\/api.w.org\/{rel}","templated":true}]}}

Dag Olaf Aastebøl

<p><strong>Senior Advisor – Theatre and Cultural Buildings | Managing Director</strong></p>



<p>Founder of Tråd AS and one of the country’s most experienced advisors in sound, lighting, AV, and stage technology systems. Brings over three decades of technical and leadership experience from cultural centres, theatres, and major cultural projects. Has extensive background as a system designer, project manager, and sound engineer for both national and international productions. A CTS-certified advisor with deep understanding of integrated technical solutions and operational reliability in cultural buildings.</p>

<!-- This site is optimized with the Yoast SEO plugin v27.3 - https://yoast.com/product/yoast-seo-wordpress/ -->
<title>Dag Olaf Aastebøl – Seniorrådgiver og daglig leder</title>
<meta name="description" content="Dag Olaf Aastebøl er grunnlegger av TRÅD AS og en av Norges mest erfarne rådgivere innen AV og sceneteknikk for teater- og kulturbygg." />
<meta name="robots" content="noindex, follow" />
<meta property="og:locale" content="en_GB" />
<meta property="og:type" content="article" />
<meta property="og:title" content="Dag Olaf Aastebøl – Seniorrådgiver og daglig leder" />
<meta property="og:description" content="Dag Olaf Aastebøl er grunnlegger av TRÅD AS og en av Norges mest erfarne rådgivere innen AV og sceneteknikk for teater- og kulturbygg." />
<meta property="og:url" content="https://tekraad.no/en/employees/dag-olaf-aastebol/" />
<meta property="og:site_name" content="TRÅD AS" />
<meta property="article:publisher" content="https://www.facebook.com/traadface/?locale=nb_NO" />
<meta property="article:modified_time" content="2026-03-31T09:19:57+00:00" />
<meta property="og:image" content="https://tekraad.no/wp-content/uploads/2025/11/DSC2858-scaled-1-e1774948704822.jpg" />
	<meta property="og:image:width" content="1918" />
	<meta property="og:image:height" content="2290" />
	<meta property="og:image:type" content="image/jpeg" />
<meta name="twitter:card" content="summary_large_image" />
<meta name="twitter:label1" content="Estimated reading time" />
	<meta name="twitter:data1" content="1 minute" />
<script type="application/ld+json" class="yoast-schema-graph">{"@context":"https:\/\/schema.org","@graph":[{"@type":"WebPage","@id":"https:\/\/tekraad.no\/ansatte\/dag-olaf-aastebol\/","url":"https:\/\/tekraad.no\/ansatte\/dag-olaf-aastebol\/","name":"Dag Olaf Aastebøl – Seniorrådgiver og daglig leder","isPartOf":{"@id":"https:\/\/tekraad.no\/#website"},"primaryImageOfPage":{"@id":"https:\/\/tekraad.no\/ansatte\/dag-olaf-aastebol\/#primaryimage"},"image":{"@id":"https:\/\/tekraad.no\/ansatte\/dag-olaf-aastebol\/#primaryimage"},"thumbnailUrl":"https:\/\/tekraad.no\/wp-content\/uploads\/2025\/11\/DSC2858-scaled-1-e1774948704822.jpg","datePublished":"2025-11-03T13:26:35+00:00","dateModified":"2026-03-31T09:19:57+00:00","description":"Dag Olaf Aastebøl er grunnlegger av TRÅD AS og en av Norges mest erfarne rådgivere innen AV og sceneteknikk for teater- og kulturbygg.","breadcrumb":{"@id":"https:\/\/tekraad.no\/ansatte\/dag-olaf-aastebol\/#breadcrumb"},"inLanguage":"en-GB","potentialAction":[{"@type":"ReadAction","target":["https:\/\/tekraad.no\/ansatte\/dag-olaf-aastebol\/"]}]},{"@type":"ImageObject","inLanguage":"en-GB","@id":"https:\/\/tekraad.no\/ansatte\/dag-olaf-aastebol\/#primaryimage","url":"https:\/\/tekraad.no\/wp-content\/uploads\/2025\/11\/DSC2858-scaled-1-e1774948704822.jpg","contentUrl":"https:\/\/tekraad.no\/wp-content\/uploads\/2025\/11\/DSC2858-scaled-1-e1774948704822.jpg","width":1918,"height":2290,"caption":"En mann med briller og kort hår sitter på en tretrapp foran en hvit murbygning merket \"BRYNE MØLLE\". Han smiler til kameraet, har armene hvilende på knærne og bærer en svart polo-skjorte og en smartklokke."},{"@type":"BreadcrumbList","@id":"https:\/\/tekraad.no\/ansatte\/dag-olaf-aastebol\/#breadcrumb","itemListElement":[{"@type":"ListItem","position":1,"name":"Hjem","item":"https:\/\/tekraad.no\/"},{"@type":"ListItem","position":2,"name":"Dag Olaf Aastebøl"}]},{"@type":"WebSite","@id":"https:\/\/tekraad.no\/#website","url":"https:\/\/tekraad.no\/","name":"TRÅD AS","description":"Teknisk rådgivning innen lyd, lys, bilde og scene","publisher":{"@id":"https:\/\/tekraad.no\/#organization"},"alternateName":"TRÅD AS","potentialAction":[{"@type":"SearchAction","target":{"@type":"EntryPoint","urlTemplate":"https:\/\/tekraad.no\/?s={search_term_string}"},"query-input":{"@type":"PropertyValueSpecification","valueRequired":true,"valueName":"search_term_string"}}],"inLanguage":"en-GB"},{"@type":"Organization","@id":"https:\/\/tekraad.no\/#organization","name":"TRÅD AS","alternateName":"TRÅD AS","url":"https:\/\/tekraad.no\/","logo":{"@type":"ImageObject","inLanguage":"en-GB","@id":"https:\/\/tekraad.no\/#\/schema\/logo\/image\/","url":"https:\/\/tekraad.no\/wp-content\/uploads\/2025\/10\/Logo-hvit-tekst-u-bakgrunn-e1763987293366.png","contentUrl":"https:\/\/tekraad.no\/wp-content\/uploads\/2025\/10\/Logo-hvit-tekst-u-bakgrunn-e1763987293366.png","width":1450,"height":602,"caption":"TRÅD AS"},"image":{"@id":"https:\/\/tekraad.no\/#\/schema\/logo\/image\/"},"sameAs":["https:\/\/www.facebook.com\/traadface\/?locale=nb_NO","https:\/\/no.linkedin.com\/company\/tekraad"]}]}</script>
<!-- / Yoast SEO plugin. -->

Dag Olaf Aastebøl – Seniorrådgiver og daglig leder

Dag Olaf Aastebøl er grunnlegger av TRÅD AS og en av Norges mest erfarne rådgivere innen AV og sceneteknikk for teater- og kulturbygg.

TRÅD AS

En mann med briller og kort hår sitter på en tretrapp foran en hvit murbygning merket "BRYNE MØLLE". Han smiler til kameraet, har armene hvilende på knærne og bærer en svart polo-skjorte og en smartklokke.

Teknisk rådgivning innen lyd, lys, bilde og scene
