{"id":1114,"date":"2026-01-19T12:59:25","date_gmt":"2026-01-19T11:59:25","guid":{"rendered":"https:\/\/trad.hornstaging.no\/?post_type=ansatte&#038;p=1114"},"modified":"2026-03-30T14:41:44","modified_gmt":"2026-03-30T12:41:44","slug":"jan-hauge","status":"publish","type":"ansatte","link":"https:\/\/tekraad.no\/en\/ansatte\/jan-hauge\/","title":{"rendered":"Jan Hauge"},"content":{"rendered":"<p>Chairman of the Board at TR\u00c5D, with extensive experience as a senior executive and board member within industry, real estate, energy, security, and culture. Has held leadership roles at institutions such as the Norwegian National Opera &amp; Ballet, Equinor, Stavanger University Hospital, and Stavanger Forum, with responsibility for large organizations, complex projects, and substantial budgets. Extensive board experience from numerous companies and solid expertise in strategy, management, organizational development, and collaboration.<\/p>","protected":false},"excerpt":{"rendered":"<p>Chairman of the Board at TR\u00c5D, with extensive board and leadership experience. Strong expertise in strategy, organizational development, and the interaction between the private sector and public actors.<\/p>","protected":false},"featured_media":1212,"template":"","class_list":["post-1114","ansatte","type-ansatte","status-publish","has-post-thumbnail","hentry"],"acf":[],"yoast_head":"<!-- This site is optimized with the Yoast SEO plugin v27.3 - https:\/\/yoast.com\/product\/yoast-seo-wordpress\/ -->\n<title>Styreleder i TR\u00c5D | Solid erfaring innen ledelse og styre<\/title>\n<meta name=\"description\" content=\"M\u00f8t v\u00e5r styreleder med toppledererfaring fra Equinor og Operaen. Ekspert p\u00e5 strategi, organisasjonsutvikling og komplekse prosjekter i TR\u00c5D.\" \/>\n<meta name=\"robots\" content=\"noindex, follow\" \/>\n<meta property=\"og:locale\" content=\"en_GB\" \/>\n<meta property=\"og:type\" content=\"article\" \/>\n<meta property=\"og:title\" content=\"Styreleder i TR\u00c5D | Solid erfaring innen ledelse og styre\" \/>\n<meta property=\"og:description\" content=\"M\u00f8t v\u00e5r styreleder med toppledererfaring fra Equinor og Operaen. Ekspert p\u00e5 strategi, organisasjonsutvikling og komplekse prosjekter i TR\u00c5D.\" \/>\n<meta property=\"og:url\" content=\"https:\/\/tekraad.no\/en\/employees\/jan-hauge\/\" \/>\n<meta property=\"og:site_name\" content=\"TR\u00c5D AS\" \/>\n<meta property=\"article:publisher\" content=\"https:\/\/www.facebook.com\/traadface\/?locale=nb_NO\" \/>\n<meta property=\"article:modified_time\" content=\"2026-03-30T12:41:44+00:00\" \/>\n<meta property=\"og:image\" content=\"https:\/\/tekraad.no\/wp-content\/uploads\/2026\/01\/DSC06876-kopi-scaled.jpg\" \/>\n\t<meta property=\"og:image:width\" content=\"2048\" \/>\n\t<meta property=\"og:image:height\" content=\"1410\" \/>\n\t<meta property=\"og:image:type\" content=\"image\/jpeg\" \/>\n<meta name=\"twitter:card\" content=\"summary_large_image\" \/>\n<meta name=\"twitter:label1\" content=\"Estimated reading time\" \/>\n\t<meta name=\"twitter:data1\" content=\"1 minute\" \/>\n<script type=\"application\/ld+json\" class=\"yoast-schema-graph\">{\"@context\":\"https:\\\/\\\/schema.org\",\"@graph\":[{\"@type\":\"WebPage\",\"@id\":\"https:\\\/\\\/tekraad.no\\\/ansatte\\\/jan-hauge\\\/\",\"url\":\"https:\\\/\\\/tekraad.no\\\/ansatte\\\/jan-hauge\\\/\",\"name\":\"Styreleder i TR\u00c5D | Solid erfaring innen ledelse og styre\",\"isPartOf\":{\"@id\":\"https:\\\/\\\/tekraad.no\\\/#website\"},\"primaryImageOfPage\":{\"@id\":\"https:\\\/\\\/tekraad.no\\\/ansatte\\\/jan-hauge\\\/#primaryimage\"},\"image\":{\"@id\":\"https:\\\/\\\/tekraad.no\\\/ansatte\\\/jan-hauge\\\/#primaryimage\"},\"thumbnailUrl\":\"https:\\\/\\\/tekraad.no\\\/wp-content\\\/uploads\\\/2026\\\/01\\\/DSC06876-kopi-scaled.jpg\",\"datePublished\":\"2026-01-19T11:59:25+00:00\",\"dateModified\":\"2026-03-30T12:41:44+00:00\",\"description\":\"M\u00f8t v\u00e5r styreleder med toppledererfaring fra Equinor og Operaen. Ekspert p\u00e5 strategi, organisasjonsutvikling og komplekse prosjekter i TR\u00c5D.\",\"breadcrumb\":{\"@id\":\"https:\\\/\\\/tekraad.no\\\/ansatte\\\/jan-hauge\\\/#breadcrumb\"},\"inLanguage\":\"en-GB\",\"potentialAction\":[{\"@type\":\"ReadAction\",\"target\":[\"https:\\\/\\\/tekraad.no\\\/ansatte\\\/jan-hauge\\\/\"]}]},{\"@type\":\"ImageObject\",\"inLanguage\":\"en-GB\",\"@id\":\"https:\\\/\\\/tekraad.no\\\/ansatte\\\/jan-hauge\\\/#primaryimage\",\"url\":\"https:\\\/\\\/tekraad.no\\\/wp-content\\\/uploads\\\/2026\\\/01\\\/DSC06876-kopi-scaled.jpg\",\"contentUrl\":\"https:\\\/\\\/tekraad.no\\\/wp-content\\\/uploads\\\/2026\\\/01\\\/DSC06876-kopi-scaled.jpg\",\"width\":2048,\"height\":1410,\"caption\":\"Portrett av en eldre mann med briller og lyst h\u00e5r. Han drikker kaffe og er if\u00f8rt en svart skjorte og en gr\u00e5 genser med \\\"TR\u00c5D\\\"-logoen p\u00e5 brystet.\"},{\"@type\":\"BreadcrumbList\",\"@id\":\"https:\\\/\\\/tekraad.no\\\/ansatte\\\/jan-hauge\\\/#breadcrumb\",\"itemListElement\":[{\"@type\":\"ListItem\",\"position\":1,\"name\":\"Hjem\",\"item\":\"https:\\\/\\\/tekraad.no\\\/\"},{\"@type\":\"ListItem\",\"position\":2,\"name\":\"Jan Hauge\"}]},{\"@type\":\"WebSite\",\"@id\":\"https:\\\/\\\/tekraad.no\\\/#website\",\"url\":\"https:\\\/\\\/tekraad.no\\\/\",\"name\":\"TR\u00c5D AS\",\"description\":\"Teknisk r\u00e5dgivning innen lyd, lys, bilde og scene\",\"publisher\":{\"@id\":\"https:\\\/\\\/tekraad.no\\\/#organization\"},\"alternateName\":\"TR\u00c5D AS\",\"potentialAction\":[{\"@type\":\"SearchAction\",\"target\":{\"@type\":\"EntryPoint\",\"urlTemplate\":\"https:\\\/\\\/tekraad.no\\\/?s={search_term_string}\"},\"query-input\":{\"@type\":\"PropertyValueSpecification\",\"valueRequired\":true,\"valueName\":\"search_term_string\"}}],\"inLanguage\":\"en-GB\"},{\"@type\":\"Organization\",\"@id\":\"https:\\\/\\\/tekraad.no\\\/#organization\",\"name\":\"TR\u00c5D AS\",\"alternateName\":\"TR\u00c5D AS\",\"url\":\"https:\\\/\\\/tekraad.no\\\/\",\"logo\":{\"@type\":\"ImageObject\",\"inLanguage\":\"en-GB\",\"@id\":\"https:\\\/\\\/tekraad.no\\\/#\\\/schema\\\/logo\\\/image\\\/\",\"url\":\"https:\\\/\\\/tekraad.no\\\/wp-content\\\/uploads\\\/2025\\\/10\\\/Logo-hvit-tekst-u-bakgrunn-e1763987293366.png\",\"contentUrl\":\"https:\\\/\\\/tekraad.no\\\/wp-content\\\/uploads\\\/2025\\\/10\\\/Logo-hvit-tekst-u-bakgrunn-e1763987293366.png\",\"width\":1450,\"height\":602,\"caption\":\"TR\u00c5D AS\"},\"image\":{\"@id\":\"https:\\\/\\\/tekraad.no\\\/#\\\/schema\\\/logo\\\/image\\\/\"},\"sameAs\":[\"https:\\\/\\\/www.facebook.com\\\/traadface\\\/?locale=nb_NO\",\"https:\\\/\\\/no.linkedin.com\\\/company\\\/tekraad\"]}]}<\/script>\n<!-- \/ Yoast SEO plugin. -->","yoast_head_json":{"title":"Jan Hauge | Chairman of the Board | TR\u00c5D AS","description":"Jan Hauge, Chairman of the Board at TR\u00c5D. With executive experience from Equinor he brings expertise in strategy and leadership.","robots":{"index":"noindex","follow":"follow"},"og_locale":"en_GB","og_type":"article","og_title":"Styreleder i TR\u00c5D | Solid erfaring innen ledelse og styre","og_description":"M\u00f8t v\u00e5r styreleder med toppledererfaring fra Equinor og Operaen. Ekspert p\u00e5 strategi, organisasjonsutvikling og komplekse prosjekter i TR\u00c5D.","og_url":"https:\/\/tekraad.no\/en\/employees\/jan-hauge\/","og_site_name":"TR\u00c5D AS","article_publisher":"https:\/\/www.facebook.com\/traadface\/?locale=nb_NO","article_modified_time":"2026-03-30T12:41:44+00:00","og_image":[{"width":2048,"height":1410,"url":"https:\/\/tekraad.no\/wp-content\/uploads\/2026\/01\/DSC06876-kopi-scaled.jpg","type":"image\/jpeg"}],"twitter_card":"summary_large_image","twitter_misc":{"Estimated reading time":"1 minute"},"schema":{"@context":"https:\/\/schema.org","@graph":[{"@type":"WebPage","@id":"https:\/\/tekraad.no\/ansatte\/jan-hauge\/","url":"https:\/\/tekraad.no\/ansatte\/jan-hauge\/","name":"Jan Hauge | Chairman of the Board | TR\u00c5D AS","isPartOf":{"@id":"https:\/\/tekraad.no\/#website"},"primaryImageOfPage":{"@id":"https:\/\/tekraad.no\/ansatte\/jan-hauge\/#primaryimage"},"image":{"@id":"https:\/\/tekraad.no\/ansatte\/jan-hauge\/#primaryimage"},"thumbnailUrl":"https:\/\/tekraad.no\/wp-content\/uploads\/2026\/01\/DSC06876-kopi-scaled.jpg","datePublished":"2026-01-19T11:59:25+00:00","dateModified":"2026-03-30T12:41:44+00:00","description":"Jan Hauge, Chairman of the Board at TR\u00c5D. With executive experience from Equinor he brings expertise in strategy and leadership.","breadcrumb":{"@id":"https:\/\/tekraad.no\/ansatte\/jan-hauge\/#breadcrumb"},"inLanguage":"en-GB","potentialAction":[{"@type":"ReadAction","target":["https:\/\/tekraad.no\/ansatte\/jan-hauge\/"]}]},{"@type":"ImageObject","inLanguage":"en-GB","@id":"https:\/\/tekraad.no\/ansatte\/jan-hauge\/#primaryimage","url":"https:\/\/tekraad.no\/wp-content\/uploads\/2026\/01\/DSC06876-kopi-scaled.jpg","contentUrl":"https:\/\/tekraad.no\/wp-content\/uploads\/2026\/01\/DSC06876-kopi-scaled.jpg","width":2048,"height":1410,"caption":"Portrett av en eldre mann med briller og lyst h\u00e5r. Han drikker kaffe og er if\u00f8rt en svart skjorte og en gr\u00e5 genser med \"TR\u00c5D\"-logoen p\u00e5 brystet."},{"@type":"BreadcrumbList","@id":"https:\/\/tekraad.no\/ansatte\/jan-hauge\/#breadcrumb","itemListElement":[{"@type":"ListItem","position":1,"name":"Hjem","item":"https:\/\/tekraad.no\/"},{"@type":"ListItem","position":2,"name":"Jan Hauge"}]},{"@type":"WebSite","@id":"https:\/\/tekraad.no\/#website","url":"https:\/\/tekraad.no\/","name":"TR\u00c5D AS","description":"Teknisk r\u00e5dgivning innen lyd, lys, bilde og scene","publisher":{"@id":"https:\/\/tekraad.no\/#organization"},"alternateName":"TR\u00c5D AS","potentialAction":[{"@type":"SearchAction","target":{"@type":"EntryPoint","urlTemplate":"https:\/\/tekraad.no\/?s={search_term_string}"},"query-input":{"@type":"PropertyValueSpecification","valueRequired":true,"valueName":"search_term_string"}}],"inLanguage":"en-GB"},{"@type":"Organization","@id":"https:\/\/tekraad.no\/#organization","name":"TR\u00c5D AS","alternateName":"TR\u00c5D AS","url":"https:\/\/tekraad.no\/","logo":{"@type":"ImageObject","inLanguage":"en-GB","@id":"https:\/\/tekraad.no\/#\/schema\/logo\/image\/","url":"https:\/\/tekraad.no\/wp-content\/uploads\/2025\/10\/Logo-hvit-tekst-u-bakgrunn-e1763987293366.png","contentUrl":"https:\/\/tekraad.no\/wp-content\/uploads\/2025\/10\/Logo-hvit-tekst-u-bakgrunn-e1763987293366.png","width":1450,"height":602,"caption":"TR\u00c5D AS"},"image":{"@id":"https:\/\/tekraad.no\/#\/schema\/logo\/image\/"},"sameAs":["https:\/\/www.facebook.com\/traadface\/?locale=nb_NO","https:\/\/no.linkedin.com\/company\/tekraad"]}]}},"_links":{"self":[{"href":"https:\/\/tekraad.no\/en\/wp-json\/wp\/v2\/ansatte\/1114","targetHints":{"allow":["GET"]}}],"collection":[{"href":"https:\/\/tekraad.no\/en\/wp-json\/wp\/v2\/ansatte"}],"about":[{"href":"https:\/\/tekraad.no\/en\/wp-json\/wp\/v2\/types\/ansatte"}],"wp:featuredmedia":[{"embeddable":true,"href":"https:\/\/tekraad.no\/en\/wp-json\/wp\/v2\/media\/1212"}],"wp:attachment":[{"href":"https:\/\/tekraad.no\/en\/wp-json\/wp\/v2\/media?parent=1114"}],"curies":[{"name":"wp","href":"https:\/\/api.w.org\/{rel}","templated":true}]}}

<p>Chairman of the Board at TRÅD, with extensive experience as a senior executive and board member within industry, real estate, energy, security, and culture. Has held leadership roles at institutions such as the Norwegian National Opera &amp; Ballet, Equinor, Stavanger University Hospital, and Stavanger Forum, with responsibility for large organizations, complex projects, and substantial budgets. Extensive board experience from numerous companies and solid expertise in strategy, management, organizational development, and collaboration.</p>

<p>Chairman of the Board at TRÅD, with extensive board and leadership experience. Strong expertise in strategy, organizational development, and the interaction between the private sector and public actors.</p>

<!-- This site is optimized with the Yoast SEO plugin v27.3 - https://yoast.com/product/yoast-seo-wordpress/ -->
<title>Styreleder i TRÅD | Solid erfaring innen ledelse og styre</title>
<meta name="description" content="Møt vår styreleder med toppledererfaring fra Equinor og Operaen. Ekspert på strategi, organisasjonsutvikling og komplekse prosjekter i TRÅD." />
<meta name="robots" content="noindex, follow" />
<meta property="og:locale" content="en_GB" />
<meta property="og:type" content="article" />
<meta property="og:title" content="Styreleder i TRÅD | Solid erfaring innen ledelse og styre" />
<meta property="og:description" content="Møt vår styreleder med toppledererfaring fra Equinor og Operaen. Ekspert på strategi, organisasjonsutvikling og komplekse prosjekter i TRÅD." />
<meta property="og:url" content="https://tekraad.no/en/employees/jan-hauge/" />
<meta property="og:site_name" content="TRÅD AS" />
<meta property="article:publisher" content="https://www.facebook.com/traadface/?locale=nb_NO" />
<meta property="article:modified_time" content="2026-03-30T12:41:44+00:00" />
<meta property="og:image" content="https://tekraad.no/wp-content/uploads/2026/01/DSC06876-kopi-scaled.jpg" />
	<meta property="og:image:width" content="2048" />
	<meta property="og:image:height" content="1410" />
	<meta property="og:image:type" content="image/jpeg" />
<meta name="twitter:card" content="summary_large_image" />
<meta name="twitter:label1" content="Estimated reading time" />
	<meta name="twitter:data1" content="1 minute" />
<script type="application/ld+json" class="yoast-schema-graph">{"@context":"https:\/\/schema.org","@graph":[{"@type":"WebPage","@id":"https:\/\/tekraad.no\/ansatte\/jan-hauge\/","url":"https:\/\/tekraad.no\/ansatte\/jan-hauge\/","name":"Styreleder i TRÅD | Solid erfaring innen ledelse og styre","isPartOf":{"@id":"https:\/\/tekraad.no\/#website"},"primaryImageOfPage":{"@id":"https:\/\/tekraad.no\/ansatte\/jan-hauge\/#primaryimage"},"image":{"@id":"https:\/\/tekraad.no\/ansatte\/jan-hauge\/#primaryimage"},"thumbnailUrl":"https:\/\/tekraad.no\/wp-content\/uploads\/2026\/01\/DSC06876-kopi-scaled.jpg","datePublished":"2026-01-19T11:59:25+00:00","dateModified":"2026-03-30T12:41:44+00:00","description":"Møt vår styreleder med toppledererfaring fra Equinor og Operaen. Ekspert på strategi, organisasjonsutvikling og komplekse prosjekter i TRÅD.","breadcrumb":{"@id":"https:\/\/tekraad.no\/ansatte\/jan-hauge\/#breadcrumb"},"inLanguage":"en-GB","potentialAction":[{"@type":"ReadAction","target":["https:\/\/tekraad.no\/ansatte\/jan-hauge\/"]}]},{"@type":"ImageObject","inLanguage":"en-GB","@id":"https:\/\/tekraad.no\/ansatte\/jan-hauge\/#primaryimage","url":"https:\/\/tekraad.no\/wp-content\/uploads\/2026\/01\/DSC06876-kopi-scaled.jpg","contentUrl":"https:\/\/tekraad.no\/wp-content\/uploads\/2026\/01\/DSC06876-kopi-scaled.jpg","width":2048,"height":1410,"caption":"Portrett av en eldre mann med briller og lyst hår. Han drikker kaffe og er iført en svart skjorte og en grå genser med \"TRÅD\"-logoen på brystet."},{"@type":"BreadcrumbList","@id":"https:\/\/tekraad.no\/ansatte\/jan-hauge\/#breadcrumb","itemListElement":[{"@type":"ListItem","position":1,"name":"Hjem","item":"https:\/\/tekraad.no\/"},{"@type":"ListItem","position":2,"name":"Jan Hauge"}]},{"@type":"WebSite","@id":"https:\/\/tekraad.no\/#website","url":"https:\/\/tekraad.no\/","name":"TRÅD AS","description":"Teknisk rådgivning innen lyd, lys, bilde og scene","publisher":{"@id":"https:\/\/tekraad.no\/#organization"},"alternateName":"TRÅD AS","potentialAction":[{"@type":"SearchAction","target":{"@type":"EntryPoint","urlTemplate":"https:\/\/tekraad.no\/?s={search_term_string}"},"query-input":{"@type":"PropertyValueSpecification","valueRequired":true,"valueName":"search_term_string"}}],"inLanguage":"en-GB"},{"@type":"Organization","@id":"https:\/\/tekraad.no\/#organization","name":"TRÅD AS","alternateName":"TRÅD AS","url":"https:\/\/tekraad.no\/","logo":{"@type":"ImageObject","inLanguage":"en-GB","@id":"https:\/\/tekraad.no\/#\/schema\/logo\/image\/","url":"https:\/\/tekraad.no\/wp-content\/uploads\/2025\/10\/Logo-hvit-tekst-u-bakgrunn-e1763987293366.png","contentUrl":"https:\/\/tekraad.no\/wp-content\/uploads\/2025\/10\/Logo-hvit-tekst-u-bakgrunn-e1763987293366.png","width":1450,"height":602,"caption":"TRÅD AS"},"image":{"@id":"https:\/\/tekraad.no\/#\/schema\/logo\/image\/"},"sameAs":["https:\/\/www.facebook.com\/traadface\/?locale=nb_NO","https:\/\/no.linkedin.com\/company\/tekraad"]}]}</script>
<!-- / Yoast SEO plugin. -->

Jan Hauge | Chairman of the Board | TRÅD AS

Jan Hauge, Chairman of the Board at TRÅD. With executive experience from Equinor he brings expertise in strategy and leadership.

Styreleder i TRÅD | Solid erfaring innen ledelse og styre

Møt vår styreleder med toppledererfaring fra Equinor og Operaen. Ekspert på strategi, organisasjonsutvikling og komplekse prosjekter i TRÅD.

TRÅD AS

Portrett av en eldre mann med briller og lyst hår. Han drikker kaffe og er iført en svart skjorte og en grå genser med "TRÅD"-logoen på brystet.

Teknisk rådgivning innen lyd, lys, bilde og scene
